Last updated on 2022-08-15 08:50:04 CEST.
Flavor | Version | Tinstall | Tcheck | Ttotal | Status | Flags |
---|---|---|---|---|---|---|
r-devel-linux-x86_64-debian-clang | 0.1.3 | 2.85 | 39.94 | 42.79 | NOTE | |
r-devel-linux-x86_64-debian-gcc | 0.1.3 | 2.17 | 29.48 | 31.65 | NOTE | |
r-devel-linux-x86_64-fedora-clang | 0.1.3 | 61.17 | NOTE | |||
r-devel-linux-x86_64-fedora-gcc | 0.1.3 | 59.08 | NOTE | |||
r-devel-windows-x86_64 | 0.1.3 | 15.00 | 67.00 | 82.00 | NOTE | |
r-patched-linux-x86_64 | 0.1.3 | 2.04 | 37.87 | 39.91 | NOTE | |
r-release-linux-x86_64 | 0.1.3 | 2.81 | 37.60 | 40.41 | NOTE | |
r-release-macos-arm64 | 0.1.3 | 24.00 | NOTE | |||
r-release-macos-x86_64 | 0.1.3 | 30.00 | NOTE | |||
r-release-windows-x86_64 | 0.1.3 | 12.00 | 69.00 | 81.00 | NOTE | |
r-oldrel-macos-arm64 | 0.1.3 | 18.00 | NOTE | |||
r-oldrel-macos-x86_64 | 0.1.3 | 32.00 | NOTE | |||
r-oldrel-windows-ix86+x86_64 | 0.1.3 | 6.00 | 64.00 | 70.00 | NOTE |
Version: 0.1.3
Check: LazyData
Result: NOTE
'LazyData' is specified without a 'data' directory
Flavors: r-devel-linux-x86_64-debian-clang, r-devel-linux-x86_64-debian-gcc, r-devel-linux-x86_64-fedora-clang, r-devel-linux-x86_64-fedora-gcc, r-devel-windows-x86_64, r-patched-linux-x86_64, r-release-linux-x86_64, r-release-macos-arm64, r-release-macos-x86_64, r-release-windows-x86_64, r-oldrel-macos-arm64, r-oldrel-macos-x86_64, r-oldrel-windows-ix86+x86_64