Last updated on 2022-08-15 08:50:04 CEST.
Flavor | Version | Tinstall | Tcheck | Ttotal | Status | Flags |
---|---|---|---|---|---|---|
r-devel-linux-x86_64-debian-clang | 0.3.2 | 74.26 | 221.64 | 295.90 | OK | |
r-devel-linux-x86_64-debian-gcc | 0.3.2 | 61.35 | 181.24 | 242.59 | OK | |
r-devel-linux-x86_64-fedora-clang | 0.3.2 | 378.99 | OK | |||
r-devel-linux-x86_64-fedora-gcc | 0.3.2 | 374.99 | OK | |||
r-devel-windows-x86_64 | 0.3.2 | 116.00 | 306.00 | 422.00 | OK | |
r-patched-linux-x86_64 | 0.3.2 | 71.48 | 198.91 | 270.39 | OK | |
r-release-linux-x86_64 | 0.3.2 | 67.68 | 196.84 | 264.52 | OK | |
r-release-macos-arm64 | 0.3.2 | 90.00 | OK | |||
r-release-macos-x86_64 | 0.3.2 | 159.00 | OK | |||
r-release-windows-x86_64 | 0.3.2 | 142.00 | 296.00 | 438.00 | OK | |
r-oldrel-macos-arm64 | 0.3.2 | 101.00 | NOTE | |||
r-oldrel-macos-x86_64 | 0.3.2 | 116.00 | OK | |||
r-oldrel-windows-ix86+x86_64 | 0.3.2 | 184.00 | 379.00 | 563.00 | OK |
Version: 0.3.2
Check: installed package size
Result: NOTE
installed size is 5.2Mb
sub-directories of 1Mb or more:
libs 4.1Mb
Flavor: r-oldrel-macos-arm64