Last updated on 2022-08-15 08:50:04 CEST.
Flavor | Version | Tinstall | Tcheck | Ttotal | Status | Flags |
---|---|---|---|---|---|---|
r-devel-linux-x86_64-debian-clang | 1.0-7 | 4.38 | 36.51 | 40.89 | OK | |
r-devel-linux-x86_64-debian-gcc | 1.0-7 | 2.90 | 26.93 | 29.83 | OK | |
r-devel-linux-x86_64-fedora-clang | 1.0-7 | 58.60 | NOTE | |||
r-devel-linux-x86_64-fedora-gcc | 1.0-7 | 57.14 | OK | |||
r-devel-windows-x86_64 | 1.0-7 | 11.00 | 56.00 | 67.00 | OK | |
r-patched-linux-x86_64 | 1.0-7 | 3.22 | 34.60 | 37.82 | OK | |
r-release-linux-x86_64 | 1.0-7 | 3.06 | 33.94 | 37.00 | OK | |
r-release-macos-arm64 | 1.0-7 | 21.00 | OK | |||
r-release-macos-x86_64 | 1.0-7 | 26.00 | OK | |||
r-release-windows-x86_64 | 1.0-7 | 11.00 | 58.00 | 69.00 | OK | |
r-oldrel-macos-arm64 | 1.0-7 | 19.00 | OK | |||
r-oldrel-macos-x86_64 | 1.0-7 | 31.00 | OK | |||
r-oldrel-windows-ix86+x86_64 | 1.0-7 | 9.00 | 57.00 | 66.00 | OK |
Version: 1.0-7
Check: Rd cross-references
Result: NOTE
Undeclared package ‘vowels’ in Rd xrefs
Flavor: r-devel-linux-x86_64-fedora-clang