Last updated on 2022-08-15 08:50:04 CEST.
Flavor | Version | Tinstall | Tcheck | Ttotal | Status | Flags |
---|---|---|---|---|---|---|
r-devel-linux-x86_64-debian-clang | 0.8.10 | 39.91 | 177.75 | 217.66 | NOTE | |
r-devel-linux-x86_64-debian-gcc | 0.8.10 | 32.94 | 131.28 | 164.22 | NOTE | |
r-devel-linux-x86_64-fedora-clang | 0.8.10 | 269.87 | NOTE | |||
r-devel-linux-x86_64-fedora-gcc | 0.8.10 | 262.68 | NOTE | |||
r-devel-windows-x86_64 | 0.8.10 | 131.00 | 233.00 | 364.00 | NOTE | |
r-patched-linux-x86_64 | 0.8.10 | 33.18 | 165.34 | 198.52 | OK | |
r-release-linux-x86_64 | 0.8.10 | 26.35 | 164.22 | 190.57 | OK | |
r-release-macos-arm64 | 0.8.10 | 67.00 | OK | |||
r-release-macos-x86_64 | 0.8.10 | 130.00 | OK | |||
r-release-windows-x86_64 | 0.8.10 | 145.00 | 241.00 | 386.00 | OK | |
r-oldrel-macos-arm64 | 0.8.10 | 84.00 | OK | |||
r-oldrel-macos-x86_64 | 0.8.10 | 107.00 | OK | |||
r-oldrel-windows-ix86+x86_64 | 0.8.10 | 88.00 | 304.00 | 392.00 | OK |
Version: 0.8.10
Check: Rd files
Result: NOTE
checkRd: (-1) phylo4d-methods.Rd:209: Escaped LaTeX specials: \$
Flavors: r-devel-linux-x86_64-debian-clang, r-devel-linux-x86_64-debian-gcc, r-devel-linux-x86_64-fedora-clang, r-devel-linux-x86_64-fedora-gcc, r-devel-windows-x86_64