Last updated on 2022-08-15 08:50:04 CEST.
Flavor | Version | Tinstall | Tcheck | Ttotal | Status | Flags |
---|---|---|---|---|---|---|
r-devel-linux-x86_64-debian-clang | 2.1.0 | 4.21 | 46.11 | 50.32 | NOTE | |
r-devel-linux-x86_64-debian-gcc | 2.1.0 | 3.03 | 34.79 | 37.82 | NOTE | |
r-devel-linux-x86_64-fedora-clang | 2.1.0 | 70.72 | NOTE | |||
r-devel-linux-x86_64-fedora-gcc | 2.1.0 | 67.36 | NOTE | |||
r-devel-windows-x86_64 | 2.1.0 | 15.00 | 75.00 | 90.00 | NOTE | |
r-patched-linux-x86_64 | 2.1.0 | 2.78 | 44.22 | 47.00 | NOTE | |
r-release-linux-x86_64 | 2.1.0 | 3.60 | 43.80 | 47.40 | NOTE | |
r-release-macos-arm64 | 2.1.0 | 23.00 | NOTE | |||
r-release-macos-x86_64 | 2.1.0 | 33.00 | NOTE | |||
r-release-windows-x86_64 | 2.1.0 | 19.00 | 76.00 | 95.00 | NOTE | |
r-oldrel-macos-arm64 | 2.1.0 | 28.00 | NOTE | |||
r-oldrel-macos-x86_64 | 2.1.0 | 44.00 | NOTE | |||
r-oldrel-windows-ix86+x86_64 | 2.1.0 | 8.00 | 68.00 | 76.00 | NOTE |
Version: 2.1.0
Check: LazyData
Result: NOTE
'LazyData' is specified without a 'data' directory
Flavors: r-devel-linux-x86_64-debian-clang, r-devel-linux-x86_64-debian-gcc, r-devel-linux-x86_64-fedora-clang, r-devel-linux-x86_64-fedora-gcc, r-devel-windows-x86_64, r-patched-linux-x86_64, r-release-linux-x86_64, r-release-macos-arm64, r-release-macos-x86_64, r-release-windows-x86_64, r-oldrel-macos-arm64, r-oldrel-macos-x86_64, r-oldrel-windows-ix86+x86_64