Last updated on 2022-08-15 08:50:04 CEST.
Flavor | Version | Tinstall | Tcheck | Ttotal | Status | Flags |
---|---|---|---|---|---|---|
r-devel-linux-x86_64-debian-clang | 0.1.6 | 3.09 | 80.14 | 83.23 | OK | |
r-devel-linux-x86_64-debian-gcc | 0.1.6 | 1.91 | 58.23 | 60.14 | OK | |
r-devel-linux-x86_64-fedora-clang | 0.1.6 | 107.56 | NOTE | |||
r-devel-linux-x86_64-fedora-gcc | 0.1.6 | 103.55 | NOTE | |||
r-devel-windows-x86_64 | 0.1.6 | 27.00 | 114.00 | 141.00 | OK | |
r-patched-linux-x86_64 | 0.1.6 | 3.43 | 72.97 | 76.40 | OK | |
r-release-linux-x86_64 | 0.1.6 | 3.02 | 74.48 | 77.50 | OK | |
r-release-macos-arm64 | 0.1.6 | 30.00 | NOTE | |||
r-release-macos-x86_64 | 0.1.6 | 57.00 | NOTE | |||
r-release-windows-x86_64 | 0.1.6 | 39.00 | 112.00 | 151.00 | OK | |
r-oldrel-macos-arm64 | 0.1.6 | 49.00 | NOTE | |||
r-oldrel-macos-x86_64 | 0.1.6 | 45.00 | NOTE | |||
r-oldrel-windows-ix86+x86_64 | 0.1.6 | 11.00 | 102.00 | 113.00 | OK |
Version: 0.1.6
Check: dependencies in R code
Result: NOTE
Namespaces in Imports field not imported from:
‘RColorBrewer’ ‘cowplot’ ‘ggplot2’ ‘reshape2’
All declared Imports should be used.
Flavors: r-devel-linux-x86_64-fedora-clang, r-devel-linux-x86_64-fedora-gcc, r-release-macos-arm64, r-release-macos-x86_64, r-oldrel-macos-arm64, r-oldrel-macos-x86_64