Last updated on 2022-08-15 08:50:04 CEST.
Flavor | Version | Tinstall | Tcheck | Ttotal | Status | Flags |
---|---|---|---|---|---|---|
r-devel-linux-x86_64-debian-clang | 1.3 | 55.53 | 332.90 | 388.43 | OK | |
r-devel-linux-x86_64-debian-gcc | 1.3 | 41.51 | 241.13 | 282.64 | OK | |
r-devel-linux-x86_64-fedora-clang | 1.3 | 463.03 | OK | |||
r-devel-linux-x86_64-fedora-gcc | 1.3 | 453.97 | OK | |||
r-devel-windows-x86_64 | 1.3 | 168.00 | 340.00 | 508.00 | OK | |
r-patched-linux-x86_64 | 1.3 | 42.78 | 303.53 | 346.31 | OK | |
r-release-linux-x86_64 | 1.3 | 44.32 | 305.02 | 349.34 | OK | |
r-release-macos-arm64 | 1.3 | 115.00 | OK | |||
r-release-macos-x86_64 | 1.3 | 198.00 | OK | |||
r-release-windows-x86_64 | 1.3 | 75.00 | 339.00 | 414.00 | OK | |
r-oldrel-macos-arm64 | 1.3 | 154.00 | NOTE | |||
r-oldrel-macos-x86_64 | 1.3 | 276.00 | OK | |||
r-oldrel-windows-ix86+x86_64 | 1.3 | 123.00 | 440.00 | 563.00 | OK |
Version: 1.3
Check: installed package size
Result: NOTE
installed size is 5.3Mb
sub-directories of 1Mb or more:
help 1.6Mb
libs 2.5Mb
Flavor: r-oldrel-macos-arm64