Last updated on 2022-08-15 08:50:04 CEST.
Flavor | Version | Tinstall | Tcheck | Ttotal | Status | Flags |
---|---|---|---|---|---|---|
r-devel-linux-x86_64-debian-clang | 1.1.3 | 43.16 | 62.94 | 106.10 | OK | |
r-devel-linux-x86_64-debian-gcc | 1.1.3 | 30.04 | 46.53 | 76.57 | OK | |
r-devel-linux-x86_64-fedora-clang | 1.1.3 | 148.39 | NOTE | |||
r-devel-linux-x86_64-fedora-gcc | 1.1.3 | 138.65 | NOTE | |||
r-devel-windows-x86_64 | 1.1.3 | 41.00 | 102.00 | 143.00 | OK | |
r-patched-linux-x86_64 | 1.1.3 | 31.36 | 58.89 | 90.25 | OK | |
r-release-linux-x86_64 | 1.1.3 | 38.70 | 58.30 | 97.00 | OK | |
r-release-macos-arm64 | 1.1.3 | 45.00 | NOTE | |||
r-release-macos-x86_64 | 1.1.3 | 85.00 | NOTE | |||
r-release-windows-x86_64 | 1.1.3 | 41.00 | 106.00 | 147.00 | OK | |
r-oldrel-macos-arm64 | 1.1.3 | 58.00 | NOTE | |||
r-oldrel-macos-x86_64 | 1.1.3 | 84.00 | NOTE | |||
r-oldrel-windows-ix86+x86_64 | 1.1.3 | 94.00 | 115.00 | 209.00 | OK |
Version: 1.1.3
Check: dependencies in R code
Result: NOTE
Namespace in Imports field not imported from: ‘utils’
All declared Imports should be used.
Flavors: r-devel-linux-x86_64-fedora-clang, r-devel-linux-x86_64-fedora-gcc, r-release-macos-arm64, r-release-macos-x86_64, r-oldrel-macos-arm64, r-oldrel-macos-x86_64
Version: 1.1.3
Check: installed package size
Result: NOTE
installed size is 12.4Mb
sub-directories of 1Mb or more:
libs 12.1Mb
Flavors: r-release-macos-arm64, r-release-macos-x86_64, r-oldrel-macos-arm64, r-oldrel-macos-x86_64