Last updated on 2022-08-15 08:50:04 CEST.
Flavor | Version | Tinstall | Tcheck | Ttotal | Status | Flags |
---|---|---|---|---|---|---|
r-devel-linux-x86_64-debian-clang | 1.2.0 | 2.40 | 19.55 | 21.95 | NOTE | |
r-devel-linux-x86_64-debian-gcc | 1.2.0 | 1.71 | 15.30 | 17.01 | NOTE | |
r-devel-linux-x86_64-fedora-clang | 1.2.0 | 36.78 | NOTE | |||
r-devel-linux-x86_64-fedora-gcc | 1.2.0 | 36.09 | NOTE | |||
r-devel-windows-x86_64 | 1.2.0 | 10.00 | 40.00 | 50.00 | NOTE | |
r-patched-linux-x86_64 | 1.2.0 | 1.82 | 18.81 | 20.63 | NOTE | |
r-release-linux-x86_64 | 1.2.0 | 2.10 | 18.50 | 20.60 | NOTE | |
r-release-macos-arm64 | 1.2.0 | 13.00 | NOTE | |||
r-release-macos-x86_64 | 1.2.0 | 19.00 | NOTE | |||
r-release-windows-x86_64 | 1.2.0 | 6.00 | 40.00 | 46.00 | NOTE | |
r-oldrel-macos-arm64 | 1.2.0 | 20.00 | NOTE | |||
r-oldrel-macos-x86_64 | 1.2.0 | 25.00 | NOTE | |||
r-oldrel-windows-ix86+x86_64 | 1.2.0 | 6.00 | 24.00 | 30.00 | NOTE |
Version: 1.2.0
Check: LazyData
Result: NOTE
'LazyData' is specified without a 'data' directory
Flavors: r-devel-linux-x86_64-debian-clang, r-devel-linux-x86_64-debian-gcc, r-devel-linux-x86_64-fedora-clang, r-devel-linux-x86_64-fedora-gcc, r-devel-windows-x86_64, r-patched-linux-x86_64, r-release-linux-x86_64, r-release-macos-arm64, r-release-macos-x86_64, r-release-windows-x86_64, r-oldrel-macos-arm64, r-oldrel-macos-x86_64, r-oldrel-windows-ix86+x86_64