Last updated on 2022-08-15 08:50:04 CEST.
Flavor | Version | Tinstall | Tcheck | Ttotal | Status | Flags |
---|---|---|---|---|---|---|
r-devel-linux-x86_64-debian-clang | 2.0.1 | 3.90 | 24.42 | 28.32 | NOTE | |
r-devel-linux-x86_64-debian-gcc | 2.0.1 | 2.89 | 18.66 | 21.55 | NOTE | |
r-devel-linux-x86_64-fedora-clang | 2.0.1 | 44.33 | NOTE | |||
r-devel-linux-x86_64-fedora-gcc | 2.0.1 | 43.25 | NOTE | |||
r-devel-windows-x86_64 | 2.0.1 | 20.00 | 53.00 | 73.00 | NOTE | |
r-patched-linux-x86_64 | 2.0.1 | 3.49 | 23.14 | 26.63 | NOTE | |
r-release-linux-x86_64 | 2.0.1 | 3.58 | 23.02 | 26.60 | NOTE | |
r-release-macos-arm64 | 2.0.1 | 19.00 | NOTE | |||
r-release-macos-x86_64 | 2.0.1 | 23.00 | NOTE | |||
r-release-windows-x86_64 | 2.0.1 | 18.00 | 52.00 | 70.00 | NOTE | |
r-oldrel-macos-arm64 | 2.0.1 | 23.00 | NOTE | |||
r-oldrel-macos-x86_64 | 2.0.1 | 29.00 | NOTE | |||
r-oldrel-windows-ix86+x86_64 | 2.0.1 | 17.00 | 52.00 | 69.00 | NOTE |
Version: 2.0.1
Check: LazyData
Result: NOTE
'LazyData' is specified without a 'data' directory
Flavors: r-devel-linux-x86_64-debian-clang, r-devel-linux-x86_64-debian-gcc, r-devel-linux-x86_64-fedora-clang, r-devel-linux-x86_64-fedora-gcc, r-devel-windows-x86_64, r-patched-linux-x86_64, r-release-linux-x86_64, r-release-macos-arm64, r-release-macos-x86_64, r-release-windows-x86_64, r-oldrel-macos-arm64, r-oldrel-macos-x86_64, r-oldrel-windows-ix86+x86_64