Last updated on 2022-08-15 08:50:04 CEST.
Flavor | Version | Tinstall | Tcheck | Ttotal | Status | Flags |
---|---|---|---|---|---|---|
r-devel-linux-x86_64-debian-clang | 0.1.1 | 1.94 | 32.08 | 34.02 | NOTE | |
r-devel-linux-x86_64-debian-gcc | 0.1.1 | 1.50 | 24.85 | 26.35 | NOTE | |
r-devel-linux-x86_64-fedora-clang | 0.1.1 | 52.55 | NOTE | |||
r-devel-linux-x86_64-fedora-gcc | 0.1.1 | 54.00 | NOTE | |||
r-devel-windows-x86_64 | 0.1.1 | 30.00 | 60.00 | 90.00 | NOTE | |
r-patched-linux-x86_64 | 0.1.1 | 1.78 | 30.74 | 32.52 | NOTE | |
r-release-linux-x86_64 | 0.1.1 | 2.07 | 31.51 | 33.58 | NOTE | |
r-release-macos-arm64 | 0.1.1 | 20.00 | NOTE | |||
r-release-macos-x86_64 | 0.1.1 | 26.00 | NOTE | |||
r-release-windows-x86_64 | 0.1.1 | 22.00 | 60.00 | 82.00 | NOTE | |
r-oldrel-macos-arm64 | 0.1.1 | 22.00 | NOTE | |||
r-oldrel-macos-x86_64 | 0.1.1 | 33.00 | NOTE | |||
r-oldrel-windows-ix86+x86_64 | 0.1.1 | 5.00 | 54.00 | 59.00 | NOTE |
Version: 0.1.1
Check: LazyData
Result: NOTE
'LazyData' is specified without a 'data' directory
Flavors: r-devel-linux-x86_64-debian-clang, r-devel-linux-x86_64-debian-gcc, r-devel-linux-x86_64-fedora-clang, r-devel-linux-x86_64-fedora-gcc, r-devel-windows-x86_64, r-patched-linux-x86_64, r-release-linux-x86_64, r-release-macos-arm64, r-release-macos-x86_64, r-release-windows-x86_64, r-oldrel-macos-arm64, r-oldrel-macos-x86_64, r-oldrel-windows-ix86+x86_64