Last updated on 2022-08-15 08:50:04 CEST.
Flavor | Version | Tinstall | Tcheck | Ttotal | Status | Flags |
---|---|---|---|---|---|---|
r-devel-linux-x86_64-debian-clang | 0.1.7 | 5.75 | 105.90 | 111.65 | OK | |
r-devel-linux-x86_64-debian-gcc | 0.1.7 | 3.50 | 79.93 | 83.43 | OK | |
r-devel-linux-x86_64-fedora-clang | 0.1.7 | 145.03 | OK | |||
r-devel-linux-x86_64-fedora-gcc | 0.1.7 | 137.43 | OK | |||
r-devel-windows-x86_64 | 0.1.7 | 76.00 | 150.00 | 226.00 | ERROR | |
r-patched-linux-x86_64 | 0.1.7 | 9.96 | 96.97 | 106.93 | OK | |
r-release-linux-x86_64 | 0.1.7 | 5.65 | 97.90 | 103.55 | OK | |
r-release-macos-arm64 | 0.1.7 | 46.00 | OK | |||
r-release-macos-x86_64 | 0.1.7 | 68.00 | OK | |||
r-release-windows-x86_64 | 0.1.7 | 81.00 | 138.00 | 219.00 | OK | |
r-oldrel-macos-arm64 | 0.1.7 | 57.00 | OK | |||
r-oldrel-macos-x86_64 | 0.1.7 | 88.00 | OK | |||
r-oldrel-windows-ix86+x86_64 | 0.1.7 | 10.00 | 129.00 | 139.00 | OK |
Version: 0.1.7
Check: PDF version of manual
Result: WARN
LaTeX errors when creating PDF version.
This typically indicates Rd problems.
LaTeX errors found:
! Undefined control sequence.
\GenericError ...
#4 \errhelp \@err@ ...
l.1331 ...kiD<07>-Praks_solution}{Colebrook equation}
:
! Undefined control sequence.
\GenericError ...
\let \@err@ ...
l.1331 ...kiD<07>-Praks_solution}{Colebrook equation}
:
! Undefined control sequence.
\GenericError ...
\@empty \def \MessageBreak...
l.1331 ...kiD<07>-Praks_solution}{Colebrook equation}
:
! Undefined control sequence.
\GenericError ...
\endgroup
l.1331 ...kiD<07>-Praks_solution}{Colebrook equation}
:
! Undefined control sequence.
\GenericError ...
#4 \errhelp \@err@ ...
l.1331 ...kiD<07>-Praks_solution}{Colebrook equation}
:
! Undefined control sequence.
\GenericError ...
\let \@err@ ...
l.1331 ...kiD<07>-Praks_solution}{Colebrook equation}
:
! Undefined control sequence.
\GenericError ...
\@empty \def \MessageBreak...
l.1331 ...kiD<07>-Praks_solution}{Colebrook equation}
:
! Undefined control sequence.
\GenericError ...
\endgroup
l.1331 ...kiD<07>-Praks_solution}{Colebrook equation}
:
Flavor: r-devel-windows-x86_64
Version: 0.1.7
Check: PDF version of manual without index
Result: ERROR
Flavor: r-devel-windows-x86_64