Last updated on 2022-08-15 08:50:04 CEST.
Flavor | Version | Tinstall | Tcheck | Ttotal | Status | Flags |
---|---|---|---|---|---|---|
r-devel-linux-x86_64-debian-clang | 1.0.0 | 36.91 | 61.02 | 97.93 | OK | |
r-devel-linux-x86_64-debian-gcc | 1.0.0 | 31.30 | 45.45 | 76.75 | OK | |
r-devel-linux-x86_64-fedora-clang | 1.0.0 | 138.59 | NOTE | |||
r-devel-linux-x86_64-fedora-gcc | 1.0.0 | 131.65 | NOTE | |||
r-devel-windows-x86_64 | 1.0.0 | 33.00 | 100.00 | 133.00 | OK | |
r-patched-linux-x86_64 | 1.0.0 | 33.10 | 56.71 | 89.81 | OK | |
r-release-linux-x86_64 | 1.0.0 | 35.19 | 55.76 | 90.95 | OK | |
r-release-macos-arm64 | 1.0.0 | 38.00 | OK | |||
r-release-macos-x86_64 | 1.0.0 | 61.00 | OK | |||
r-release-windows-x86_64 | 1.0.0 | 36.00 | 102.00 | 138.00 | OK | |
r-oldrel-macos-arm64 | 1.0.0 | 44.00 | OK | |||
r-oldrel-macos-x86_64 | 1.0.0 | 59.00 | OK | |||
r-oldrel-windows-ix86+x86_64 | 1.0.0 | 95.00 | 112.00 | 207.00 | OK |
Version: 1.0.0
Check: compiled code
Result: NOTE
File ‘pirate/libs/pirate.so’:
Found no calls to: ‘R_registerRoutines’, ‘R_useDynamicSymbols’
It is good practice to register native routines and to disable symbol
search.
See ‘Writing portable packages’ in the ‘Writing R Extensions’ manual.
Flavors: r-devel-linux-x86_64-fedora-clang, r-devel-linux-x86_64-fedora-gcc