Last updated on 2022-08-15 08:50:04 CEST.
Flavor | Version | Tinstall | Tcheck | Ttotal | Status | Flags |
---|---|---|---|---|---|---|
r-devel-linux-x86_64-debian-clang | 1.0.0 | 18.94 | 28.56 | 47.50 | NOTE | |
r-devel-linux-x86_64-debian-gcc | 1.0.0 | 15.06 | 22.36 | 37.42 | NOTE | |
r-devel-linux-x86_64-fedora-clang | 1.0.0 | 76.44 | NOTE | |||
r-devel-linux-x86_64-fedora-gcc | 1.0.0 | 69.67 | NOTE | |||
r-devel-windows-x86_64 | 1.0.0 | 117.00 | 73.00 | 190.00 | NOTE | |
r-patched-linux-x86_64 | 1.0.0 | 15.82 | 27.63 | 43.45 | NOTE | |
r-release-linux-x86_64 | 1.0.0 | 15.53 | 27.86 | 43.39 | NOTE | |
r-release-macos-arm64 | 1.0.0 | 21.00 | NOTE | |||
r-release-macos-x86_64 | 1.0.0 | 31.00 | NOTE | |||
r-release-windows-x86_64 | 1.0.0 | 112.00 | 83.00 | 195.00 | NOTE | |
r-oldrel-macos-arm64 | 1.0.0 | 25.00 | NOTE | |||
r-oldrel-macos-x86_64 | 1.0.0 | 41.00 | NOTE | |||
r-oldrel-windows-ix86+x86_64 | 1.0.0 | 53.00 | 72.00 | 125.00 | NOTE |
Version: 1.0.0
Check: LazyData
Result: NOTE
'LazyData' is specified without a 'data' directory
Flavors: r-devel-linux-x86_64-debian-clang, r-devel-linux-x86_64-debian-gcc, r-devel-linux-x86_64-fedora-clang, r-devel-linux-x86_64-fedora-gcc, r-devel-windows-x86_64, r-patched-linux-x86_64, r-release-linux-x86_64, r-release-macos-arm64, r-release-macos-x86_64, r-release-windows-x86_64, r-oldrel-macos-arm64, r-oldrel-macos-x86_64, r-oldrel-windows-ix86+x86_64