Last updated on 2022-08-15 08:50:04 CEST.
Flavor | Version | Tinstall | Tcheck | Ttotal | Status | Flags |
---|---|---|---|---|---|---|
r-devel-linux-x86_64-debian-clang | 0.9.1 | 8.77 | 95.15 | 103.92 | NOTE | |
r-devel-linux-x86_64-debian-gcc | 0.9.1 | 7.00 | 70.74 | 77.74 | NOTE | |
r-devel-linux-x86_64-fedora-clang | 0.9.1 | 133.05 | NOTE | |||
r-devel-linux-x86_64-fedora-gcc | 0.9.1 | 128.04 | NOTE | |||
r-devel-windows-x86_64 | 0.9.1 | 95.00 | 121.00 | 216.00 | NOTE | |
r-patched-linux-x86_64 | 0.9.1 | 7.41 | 86.91 | 94.32 | NOTE | |
r-release-linux-x86_64 | 0.9.1 | 5.34 | 87.35 | 92.69 | NOTE | |
r-release-macos-arm64 | 0.9.1 | 37.00 | NOTE | |||
r-release-macos-x86_64 | 0.9.1 | 68.00 | NOTE | |||
r-release-windows-x86_64 | 0.9.1 | 99.00 | 124.00 | 223.00 | NOTE | |
r-oldrel-macos-arm64 | 0.9.1 | 41.00 | NOTE | |||
r-oldrel-macos-x86_64 | 0.9.1 | 71.00 | NOTE | |||
r-oldrel-windows-ix86+x86_64 | 0.9.1 | 16.00 | 114.00 | 130.00 | NOTE |
Version: 0.9.1
Check: Rd files
Result: NOTE
checkRd: (-1) sanitize_latex.Rd:49: Escaped LaTeX specials: \$
Flavors: r-devel-linux-x86_64-debian-clang, r-devel-linux-x86_64-debian-gcc, r-devel-linux-x86_64-fedora-clang, r-devel-linux-x86_64-fedora-gcc, r-devel-windows-x86_64
Version: 0.9.1
Check: LazyData
Result: NOTE
'LazyData' is specified without a 'data' directory
Flavors: r-devel-linux-x86_64-debian-clang, r-devel-linux-x86_64-debian-gcc, r-devel-linux-x86_64-fedora-clang, r-devel-linux-x86_64-fedora-gcc, r-devel-windows-x86_64, r-patched-linux-x86_64, r-release-linux-x86_64, r-release-macos-arm64, r-release-macos-x86_64, r-release-windows-x86_64, r-oldrel-macos-arm64, r-oldrel-macos-x86_64, r-oldrel-windows-ix86+x86_64
Version: 0.9.1
Check: Rd cross-references
Result: NOTE
Undeclared package ‘Hmisc’ in Rd xrefs
Flavor: r-devel-linux-x86_64-fedora-clang