Last updated on 2022-08-15 08:50:04 CEST.
Flavor | Version | Tinstall | Tcheck | Ttotal | Status | Flags |
---|---|---|---|---|---|---|
r-devel-linux-x86_64-debian-clang | 2.0.1 | 20.11 | 70.48 | 90.59 | NOTE | |
r-devel-linux-x86_64-debian-gcc | 2.0.1 | 14.54 | 51.94 | 66.48 | NOTE | |
r-devel-linux-x86_64-fedora-clang | 2.0.1 | 116.43 | NOTE | |||
r-devel-linux-x86_64-fedora-gcc | 2.0.1 | 121.43 | NOTE | |||
r-devel-windows-x86_64 | 2.0.1 | 182.00 | 91.00 | 273.00 | OK | |
r-patched-linux-x86_64 | 2.0.1 | 19.89 | 64.52 | 84.41 | OK | |
r-release-linux-x86_64 | 2.0.1 | 20.82 | 65.53 | 86.35 | OK | |
r-release-macos-arm64 | 2.0.1 | 30.00 | OK | |||
r-release-macos-x86_64 | 2.0.1 | 43.00 | OK | |||
r-release-windows-x86_64 | 2.0.1 | 59.00 | 92.00 | 151.00 | OK | |
r-oldrel-macos-arm64 | 2.0.1 | 34.00 | OK | |||
r-oldrel-macos-x86_64 | 2.0.1 | 50.00 | OK | |||
r-oldrel-windows-ix86+x86_64 | 2.0.1 | 46.00 | 98.00 | 144.00 | OK |
Version: 2.0.1
Check: HTML version of manual
Result: NOTE
Found the following HTML validation problems:
pkgcache-package.html:38:78: Warning: inserting implicit <p>
pkgcache-package.html:51:62: Warning: inserting implicit <p>
pkgcache-package.html:93:146: Warning: inserting implicit <p>
pkgcache-package.html:38:78: Warning: trimming empty <p>
pkgcache-package.html:51:62: Warning: trimming empty <p>
pkgcache-package.html:93:146: Warning: trimming empty <p>
Flavors: r-devel-linux-x86_64-debian-clang, r-devel-linux-x86_64-debian-gcc, r-devel-linux-x86_64-fedora-clang, r-devel-linux-x86_64-fedora-gcc