Last updated on 2022-08-15 08:50:04 CEST.
Flavor | Version | Tinstall | Tcheck | Ttotal | Status | Flags |
---|---|---|---|---|---|---|
r-devel-linux-x86_64-debian-clang | 0.2.3 | 14.07 | 176.65 | 190.72 | NOTE | |
r-devel-linux-x86_64-debian-gcc | 0.2.3 | 11.04 | 130.98 | 142.02 | NOTE | |
r-devel-linux-x86_64-fedora-clang | 0.2.3 | 227.78 | NOTE | |||
r-devel-linux-x86_64-fedora-gcc | 0.2.3 | 226.34 | NOTE | |||
r-devel-windows-x86_64 | 0.2.3 | 35.00 | 191.00 | 226.00 | NOTE | |
r-patched-linux-x86_64 | 0.2.3 | 14.75 | 164.34 | 179.09 | OK | |
r-release-linux-x86_64 | 0.2.3 | 14.79 | 164.26 | 179.05 | OK | |
r-release-macos-arm64 | 0.2.3 | 65.00 | OK | |||
r-release-macos-x86_64 | 0.2.3 | 125.00 | OK | |||
r-release-windows-x86_64 | 0.2.3 | 41.00 | 191.00 | 232.00 | OK | |
r-oldrel-macos-arm64 | 0.2.3 | 92.00 | OK | |||
r-oldrel-macos-x86_64 | 0.2.3 | 110.00 | OK | |||
r-oldrel-windows-ix86+x86_64 | 0.2.3 | 30.00 | 186.00 | 216.00 | OK |
Version: 0.2.3
Check: package subdirectories
Result: NOTE
Problems with news in 'NEWS.md':
No news entries found.
Flavors: r-devel-linux-x86_64-debian-clang, r-devel-linux-x86_64-debian-gcc, r-devel-linux-x86_64-fedora-clang, r-devel-linux-x86_64-fedora-gcc, r-devel-windows-x86_64