Last updated on 2022-08-15 08:50:04 CEST.
Flavor | Version | Tinstall | Tcheck | Ttotal | Status | Flags |
---|---|---|---|---|---|---|
r-devel-linux-x86_64-debian-clang | 0.4.2 | 13.56 | 52.88 | 66.44 | NOTE | |
r-devel-linux-x86_64-debian-gcc | 0.4.2 | 10.07 | 39.69 | 49.76 | NOTE | |
r-devel-linux-x86_64-fedora-clang | 0.4.2 | 90.93 | NOTE | |||
r-devel-linux-x86_64-fedora-gcc | 0.4.2 | 91.86 | NOTE | |||
r-devel-windows-x86_64 | 0.4.2 | 35.00 | 83.00 | 118.00 | OK | |
r-patched-linux-x86_64 | 0.4.2 | 12.13 | 49.10 | 61.23 | OK | |
r-release-linux-x86_64 | 0.4.2 | 13.55 | 49.21 | 62.76 | OK | |
r-release-macos-arm64 | 0.4.2 | 27.00 | OK | |||
r-release-macos-x86_64 | 0.4.2 | 38.00 | OK | |||
r-release-windows-x86_64 | 0.4.2 | 63.00 | 80.00 | 143.00 | OK | |
r-oldrel-macos-arm64 | 0.4.2 | 27.00 | OK | |||
r-oldrel-macos-x86_64 | 0.4.2 | 40.00 | OK | |||
r-oldrel-windows-ix86+x86_64 | 0.4.2 | 23.00 | 73.00 | 96.00 | OK |
Version: 0.4.2
Check: HTML version of manual
Result: NOTE
Found the following HTML validation problems:
DependencyReporter.html:35:1: Warning: trimming empty <dt>
FunctionReporter.html:101:1: Warning: trimming empty <dt>
InheritanceReporter.html:79:1: Warning: trimming empty <dt>
PackageReporters.html:34:1: Warning: trimming empty <dt>
SummaryReporter.html:33:1: Warning: trimming empty <dt>
Flavors: r-devel-linux-x86_64-debian-clang, r-devel-linux-x86_64-debian-gcc, r-devel-linux-x86_64-fedora-clang, r-devel-linux-x86_64-fedora-gcc
Version: 0.4.2
Check: Rd cross-references
Result: NOTE
Undeclared package ‘htmlwidgets’ in Rd xrefs
Flavor: r-devel-linux-x86_64-fedora-clang