Last updated on 2022-08-15 08:50:04 CEST.
Flavor | Version | Tinstall | Tcheck | Ttotal | Status | Flags |
---|---|---|---|---|---|---|
r-devel-linux-x86_64-debian-clang | 0.1.1 | 12.06 | 50.24 | 62.30 | OK | |
r-devel-linux-x86_64-debian-gcc | 0.1.1 | 9.91 | 36.88 | 46.79 | OK | |
r-devel-linux-x86_64-fedora-clang | 0.1.1 | 89.71 | OK | |||
r-devel-linux-x86_64-fedora-gcc | 0.1.1 | 84.27 | OK | |||
r-devel-windows-x86_64 | 0.1.1 | 44.00 | 100.00 | 144.00 | NOTE | |
r-patched-linux-x86_64 | 0.1.1 | 10.69 | 46.88 | 57.57 | OK | |
r-release-linux-x86_64 | 0.1.1 | 9.30 | 47.02 | 56.32 | OK | |
r-release-macos-arm64 | 0.1.1 | 31.00 | NOTE | |||
r-release-macos-x86_64 | 0.1.1 | 44.00 | NOTE | |||
r-release-windows-x86_64 | 0.1.1 | 137.00 | 104.00 | 241.00 | NOTE | |
r-oldrel-macos-arm64 | 0.1.1 | 25.00 | NOTE | |||
r-oldrel-macos-x86_64 | 0.1.1 | 45.00 | NOTE | |||
r-oldrel-windows-ix86+x86_64 | 0.1.1 | 35.00 | 99.00 | 134.00 | NOTE |
Version: 0.1.1
Check: installed package size
Result: NOTE
installed size is 11.1Mb
sub-directories of 1Mb or more:
bin 8.6Mb
doc 1.3Mb
Flavors: r-devel-windows-x86_64, r-release-macos-arm64, r-release-macos-x86_64, r-release-windows-x86_64, r-oldrel-macos-arm64, r-oldrel-macos-x86_64, r-oldrel-windows-ix86+x86_64