Last updated on 2022-08-15 08:50:04 CEST.
Flavor | Version | Tinstall | Tcheck | Ttotal | Status | Flags |
---|---|---|---|---|---|---|
r-devel-linux-x86_64-debian-clang | 1.0.4 | 7.60 | 187.94 | 195.54 | NOTE | |
r-devel-linux-x86_64-debian-gcc | 1.0.4 | 5.58 | 128.79 | 134.37 | NOTE | |
r-devel-linux-x86_64-fedora-clang | 1.0.4 | 225.06 | NOTE | |||
r-devel-linux-x86_64-fedora-gcc | 1.0.4 | 221.09 | NOTE | |||
r-devel-windows-x86_64 | 1.0.4 | 20.00 | 200.00 | 220.00 | NOTE | |
r-patched-linux-x86_64 | 1.0.4 | 5.73 | 168.74 | 174.47 | NOTE | |
r-release-linux-x86_64 | 1.0.4 | 6.49 | 171.21 | 177.70 | NOTE | |
r-release-macos-arm64 | 1.0.4 | 52.00 | NOTE | |||
r-release-macos-x86_64 | 1.0.4 | 102.00 | NOTE | |||
r-release-windows-x86_64 | 1.0.4 | 28.00 | 199.00 | 227.00 | NOTE | |
r-oldrel-macos-arm64 | 1.0.4 | 74.00 | NOTE | |||
r-oldrel-macos-x86_64 | 1.0.4 | 107.00 | NOTE | |||
r-oldrel-windows-ix86+x86_64 | 1.0.4 | 18.00 | 211.00 | 229.00 | NOTE |
Version: 1.0.4
Check: LazyData
Result: NOTE
'LazyData' is specified without a 'data' directory
Flavors: r-devel-linux-x86_64-debian-clang, r-devel-linux-x86_64-debian-gcc, r-devel-linux-x86_64-fedora-clang, r-devel-linux-x86_64-fedora-gcc, r-devel-windows-x86_64, r-patched-linux-x86_64, r-release-linux-x86_64, r-release-macos-arm64, r-release-macos-x86_64, r-release-windows-x86_64, r-oldrel-macos-arm64, r-oldrel-macos-x86_64, r-oldrel-windows-ix86+x86_64