Last updated on 2022-08-15 08:50:04 CEST.
Flavor | Version | Tinstall | Tcheck | Ttotal | Status | Flags |
---|---|---|---|---|---|---|
r-devel-linux-x86_64-debian-clang | 0.2.2 | 1.94 | 42.74 | 44.68 | NOTE | |
r-devel-linux-x86_64-debian-gcc | 0.2.2 | 1.74 | 31.82 | 33.56 | NOTE | |
r-devel-linux-x86_64-fedora-clang | 0.2.2 | 64.88 | NOTE | |||
r-devel-linux-x86_64-fedora-gcc | 0.2.2 | 63.40 | NOTE | |||
r-devel-windows-x86_64 | 0.2.2 | 7.00 | 69.00 | 76.00 | NOTE | |
r-patched-linux-x86_64 | 0.2.2 | 1.89 | 41.24 | 43.13 | NOTE | |
r-release-linux-x86_64 | 0.2.2 | 2.19 | 41.85 | 44.04 | NOTE | |
r-release-macos-arm64 | 0.2.2 | 22.00 | NOTE | |||
r-release-macos-x86_64 | 0.2.2 | 41.00 | NOTE | |||
r-release-windows-x86_64 | 0.2.2 | 9.00 | 73.00 | 82.00 | NOTE | |
r-oldrel-macos-arm64 | 0.2.2 | 26.00 | NOTE | |||
r-oldrel-macos-x86_64 | 0.2.2 | 42.00 | NOTE | |||
r-oldrel-windows-ix86+x86_64 | 0.2.2 | 6.00 | 63.00 | 69.00 | NOTE |
Version: 0.2.2
Check: LazyData
Result: NOTE
'LazyData' is specified without a 'data' directory
Flavors: r-devel-linux-x86_64-debian-clang, r-devel-linux-x86_64-debian-gcc, r-devel-linux-x86_64-fedora-clang, r-devel-linux-x86_64-fedora-gcc, r-devel-windows-x86_64, r-patched-linux-x86_64, r-release-linux-x86_64, r-release-macos-arm64, r-release-macos-x86_64, r-release-windows-x86_64, r-oldrel-macos-arm64, r-oldrel-macos-x86_64, r-oldrel-windows-ix86+x86_64