Last updated on 2022-08-15 08:50:04 CEST.
Flavor | Version | Tinstall | Tcheck | Ttotal | Status | Flags |
---|---|---|---|---|---|---|
r-devel-linux-x86_64-debian-clang | 2.4 | 19.94 | 91.78 | 111.72 | NOTE | |
r-devel-linux-x86_64-debian-gcc | 2.4 | 15.33 | 68.68 | 84.01 | NOTE | |
r-devel-linux-x86_64-fedora-clang | 2.4 | 145.50 | NOTE | |||
r-devel-linux-x86_64-fedora-gcc | 2.4 | 138.53 | NOTE | |||
r-devel-windows-x86_64 | 2.4 | 38.00 | 134.00 | 172.00 | NOTE | |
r-patched-linux-x86_64 | 2.4 | 14.15 | 86.18 | 100.33 | NOTE | |
r-release-linux-x86_64 | 2.4 | 17.27 | 85.88 | 103.15 | NOTE | |
r-release-macos-arm64 | 2.4 | 39.00 | NOTE | |||
r-release-macos-x86_64 | 2.4 | 69.00 | NOTE | |||
r-release-windows-x86_64 | 2.4 | 48.00 | 135.00 | 183.00 | NOTE | |
r-oldrel-macos-arm64 | 2.4 | 48.00 | NOTE | |||
r-oldrel-macos-x86_64 | 2.4 | 75.00 | NOTE | |||
r-oldrel-windows-ix86+x86_64 | 2.4 | 47.00 | 147.00 | 194.00 | NOTE |
Version: 2.4
Check: LazyData
Result: NOTE
'LazyData' is specified without a 'data' directory
Flavors: r-devel-linux-x86_64-debian-clang, r-devel-linux-x86_64-debian-gcc, r-devel-linux-x86_64-fedora-clang, r-devel-linux-x86_64-fedora-gcc, r-devel-windows-x86_64, r-patched-linux-x86_64, r-release-linux-x86_64, r-release-macos-arm64, r-release-macos-x86_64, r-release-windows-x86_64, r-oldrel-macos-arm64, r-oldrel-macos-x86_64, r-oldrel-windows-ix86+x86_64