Last updated on 2022-08-15 08:50:04 CEST.
Flavor | Version | Tinstall | Tcheck | Ttotal | Status | Flags |
---|---|---|---|---|---|---|
r-devel-linux-x86_64-debian-clang | 0.1.6 | 2.50 | 54.83 | 57.33 | NOTE | |
r-devel-linux-x86_64-debian-gcc | 0.1.6 | 2.04 | 40.61 | 42.65 | NOTE | |
r-devel-linux-x86_64-fedora-clang | 0.1.6 | 76.48 | NOTE | |||
r-devel-linux-x86_64-fedora-gcc | 0.1.6 | 75.22 | NOTE | |||
r-devel-windows-x86_64 | 0.1.6 | 26.00 | 80.00 | 106.00 | NOTE | |
r-patched-linux-x86_64 | 0.1.6 | 2.49 | 53.02 | 55.51 | NOTE | |
r-release-linux-x86_64 | 0.1.6 | 1.93 | 52.65 | 54.58 | NOTE | |
r-release-macos-arm64 | 0.1.6 | 24.00 | NOTE | |||
r-release-macos-x86_64 | 0.1.6 | 34.00 | NOTE | |||
r-release-windows-x86_64 | 0.1.6 | 21.00 | 78.00 | 99.00 | NOTE | |
r-oldrel-macos-arm64 | 0.1.6 | 26.00 | NOTE | |||
r-oldrel-macos-x86_64 | 0.1.6 | 43.00 | NOTE | |||
r-oldrel-windows-ix86+x86_64 | 0.1.6 | 6.00 | 69.00 | 75.00 | NOTE |
Version: 0.1.6
Check: LazyData
Result: NOTE
'LazyData' is specified without a 'data' directory
Flavors: r-devel-linux-x86_64-debian-clang, r-devel-linux-x86_64-debian-gcc, r-devel-linux-x86_64-fedora-clang, r-devel-linux-x86_64-fedora-gcc, r-devel-windows-x86_64, r-patched-linux-x86_64, r-release-linux-x86_64, r-release-macos-arm64, r-release-macos-x86_64, r-release-windows-x86_64, r-oldrel-macos-arm64, r-oldrel-macos-x86_64, r-oldrel-windows-ix86+x86_64
Version: 0.1.6
Check: dependencies in R code
Result: NOTE
Namespace in Imports field not imported from: ‘graphics’
All declared Imports should be used.
Flavors: r-devel-linux-x86_64-fedora-clang, r-devel-linux-x86_64-fedora-gcc, r-release-macos-arm64, r-release-macos-x86_64, r-oldrel-macos-arm64, r-oldrel-macos-x86_64