Last updated on 2022-08-15 08:50:04 CEST.
Flavor | Version | Tinstall | Tcheck | Ttotal | Status | Flags |
---|---|---|---|---|---|---|
r-devel-linux-x86_64-debian-clang | 0.2.9 | 34.82 | 240.21 | 275.03 | NOTE | |
r-devel-linux-x86_64-debian-gcc | 0.2.9 | 27.66 | 171.90 | 199.56 | NOTE | |
r-devel-linux-x86_64-fedora-clang | 0.2.9 | 333.56 | NOTE | |||
r-devel-linux-x86_64-fedora-gcc | 0.2.9 | 321.89 | NOTE | |||
r-devel-windows-x86_64 | 0.2.9 | 63.00 | 241.00 | 304.00 | NOTE | |
r-patched-linux-x86_64 | 0.2.9 | 37.26 | 218.55 | 255.81 | OK | |
r-release-linux-x86_64 | 0.2.9 | 26.99 | 219.67 | 246.66 | OK | |
r-release-macos-arm64 | 0.2.9 | 58.00 | OK | |||
r-release-macos-x86_64 | 0.2.9 | 129.00 | OK | |||
r-release-windows-x86_64 | 0.2.9 | 62.00 | 247.00 | 309.00 | OK | |
r-oldrel-macos-arm64 | 0.2.9 | 56.00 | OK | |||
r-oldrel-macos-x86_64 | 0.2.9 | 119.00 | OK | |||
r-oldrel-windows-ix86+x86_64 | 0.2.9 | 63.00 | 248.00 | 311.00 | OK |
Version: 0.2.9
Check: Rd files
Result: NOTE
checkRd: (-1) PLS_beta_wvc.Rd:5: Escaped LaTeX specials: \_
checkRd: (-1) plsRbeta.Rd:104: Escaped LaTeX specials: \^
Flavors: r-devel-linux-x86_64-debian-clang, r-devel-linux-x86_64-debian-gcc, r-devel-linux-x86_64-fedora-clang, r-devel-linux-x86_64-fedora-gcc, r-devel-windows-x86_64