Last updated on 2022-08-15 08:50:04 CEST.
Flavor | Version | Tinstall | Tcheck | Ttotal | Status | Flags |
---|---|---|---|---|---|---|
r-devel-linux-x86_64-debian-clang | 1.5.0 | 36.55 | 264.96 | 301.51 | NOTE | |
r-devel-linux-x86_64-debian-gcc | 1.5.0 | 28.52 | 193.29 | 221.81 | NOTE | |
r-devel-linux-x86_64-fedora-clang | 1.5.0 | 366.69 | NOTE | |||
r-devel-linux-x86_64-fedora-gcc | 1.5.0 | 356.39 | NOTE | |||
r-devel-windows-x86_64 | 1.5.0 | 66.00 | 268.00 | 334.00 | NOTE | |
r-patched-linux-x86_64 | 1.5.0 | 33.35 | 244.07 | 277.42 | NOTE | |
r-release-linux-x86_64 | 1.5.0 | 30.83 | 248.14 | 278.97 | NOTE | |
r-release-macos-arm64 | 1.5.0 | 78.00 | OK | |||
r-release-macos-x86_64 | 1.5.0 | 129.00 | OK | |||
r-release-windows-x86_64 | 1.5.0 | 87.00 | 264.00 | 351.00 | OK | |
r-oldrel-macos-arm64 | 1.5.0 | 77.00 | OK | |||
r-oldrel-macos-x86_64 | 1.5.0 | 121.00 | OK | |||
r-oldrel-windows-ix86+x86_64 | 1.5.0 | 64.00 | 280.00 | 344.00 | OK |
Version: 1.5.0
Check: package dependencies
Result: NOTE
Package suggested but not available for checking: 'plsdepot'
Flavors: r-devel-linux-x86_64-debian-clang, r-devel-linux-x86_64-debian-gcc, r-devel-linux-x86_64-fedora-clang, r-devel-linux-x86_64-fedora-gcc, r-patched-linux-x86_64, r-release-linux-x86_64
Version: 1.5.0
Check: Rd files
Result: NOTE
checkRd: (-1) PLS_glm_wvc.Rd:5: Escaped LaTeX specials: \_
checkRd: (-1) PLS_lm_wvc.Rd:5: Escaped LaTeX specials: \_
Flavors: r-devel-linux-x86_64-debian-clang, r-devel-linux-x86_64-debian-gcc, r-devel-linux-x86_64-fedora-clang, r-devel-linux-x86_64-fedora-gcc, r-devel-windows-x86_64