Last updated on 2022-08-15 08:50:04 CEST.
Flavor | Version | Tinstall | Tcheck | Ttotal | Status | Flags |
---|---|---|---|---|---|---|
r-devel-linux-x86_64-debian-clang | 0.0-4 | 11.28 | 96.66 | 107.94 | OK | |
r-devel-linux-x86_64-debian-gcc | 0.0-4 | 9.45 | 71.99 | 81.44 | OK | |
r-devel-linux-x86_64-fedora-clang | 0.0-4 | 138.62 | NOTE | |||
r-devel-linux-x86_64-fedora-gcc | 0.0-4 | 136.83 | NOTE | |||
r-devel-windows-x86_64 | 0.0-4 | 22.00 | 121.00 | 143.00 | OK | |
r-patched-linux-x86_64 | 0.0-4 | 12.64 | 91.53 | 104.17 | OK | |
r-release-linux-x86_64 | 0.0-4 | 11.65 | 92.45 | 104.10 | OK | |
r-release-macos-arm64 | 0.0-4 | 34.00 | NOTE | |||
r-release-macos-x86_64 | 0.0-4 | 61.00 | NOTE | |||
r-release-windows-x86_64 | 0.0-4 | 23.00 | 123.00 | 146.00 | OK | |
r-oldrel-macos-arm64 | 0.0-4 | 42.00 | NOTE | |||
r-oldrel-macos-x86_64 | 0.0-4 | 45.00 | NOTE | |||
r-oldrel-windows-ix86+x86_64 | 0.0-4 | 29.00 | 125.00 | 154.00 | OK |
Version: 0.0-4
Check: Rd cross-references
Result: NOTE
Undeclared package ‘ISOcodes’ in Rd xrefs
Flavor: r-devel-linux-x86_64-fedora-clang
Version: 0.0-4
Check: data for non-ASCII characters
Result: NOTE
Note: found 8 marked UTF-8 strings
Flavors: r-devel-linux-x86_64-fedora-clang, r-devel-linux-x86_64-fedora-gcc, r-release-macos-arm64, r-release-macos-x86_64, r-oldrel-macos-arm64, r-oldrel-macos-x86_64