Last updated on 2022-08-15 08:50:04 CEST.
Flavor | Version | Tinstall | Tcheck | Ttotal | Status | Flags |
---|---|---|---|---|---|---|
r-devel-linux-x86_64-debian-clang | 0.8.8 | 2.58 | 27.61 | 30.19 | NOTE | |
r-devel-linux-x86_64-debian-gcc | 0.8.8 | 2.85 | 21.42 | 24.27 | NOTE | |
r-devel-linux-x86_64-fedora-clang | 0.8.8 | 48.58 | NOTE | |||
r-devel-linux-x86_64-fedora-gcc | 0.8.8 | 46.66 | NOTE | |||
r-devel-windows-x86_64 | 0.8.8 | 27.00 | 47.00 | 74.00 | NOTE | |
r-patched-linux-x86_64 | 0.8.8 | 3.31 | 26.38 | 29.69 | NOTE | |
r-release-linux-x86_64 | 0.8.8 | 3.29 | 26.55 | 29.84 | NOTE | |
r-release-macos-arm64 | 0.8.8 | 18.00 | NOTE | |||
r-release-macos-x86_64 | 0.8.8 | 23.00 | NOTE | |||
r-release-windows-x86_64 | 0.8.8 | 9.00 | 51.00 | 60.00 | NOTE | |
r-oldrel-macos-arm64 | 0.8.8 | 18.00 | NOTE | |||
r-oldrel-macos-x86_64 | 0.8.8 | 30.00 | NOTE | |||
r-oldrel-windows-ix86+x86_64 | 0.8.8 | 6.00 | 29.00 | 35.00 | NOTE |
Version: 0.8.8
Check: LazyData
Result: NOTE
'LazyData' is specified without a 'data' directory
Flavors: r-devel-linux-x86_64-debian-clang, r-devel-linux-x86_64-debian-gcc, r-devel-linux-x86_64-fedora-clang, r-devel-linux-x86_64-fedora-gcc, r-devel-windows-x86_64, r-patched-linux-x86_64, r-release-linux-x86_64, r-release-macos-arm64, r-release-macos-x86_64, r-release-windows-x86_64, r-oldrel-macos-arm64, r-oldrel-macos-x86_64, r-oldrel-windows-ix86+x86_64