Last updated on 2022-08-15 08:50:04 CEST.
Flavor | Version | Tinstall | Tcheck | Ttotal | Status | Flags |
---|---|---|---|---|---|---|
r-devel-linux-x86_64-debian-clang | 0.8.7 | 11.87 | 137.81 | 149.68 | OK | |
r-devel-linux-x86_64-debian-gcc | 0.8.7 | 10.05 | 101.50 | 111.55 | OK | |
r-devel-linux-x86_64-fedora-clang | 0.8.7 | 182.56 | NOTE | |||
r-devel-linux-x86_64-fedora-gcc | 0.8.7 | 186.90 | NOTE | |||
r-devel-windows-x86_64 | 0.8.7 | 29.00 | 156.00 | 185.00 | OK | |
r-patched-linux-x86_64 | 0.8.7 | 15.03 | 129.28 | 144.31 | OK | |
r-release-linux-x86_64 | 0.8.7 | 9.54 | 128.97 | 138.51 | OK | |
r-release-macos-arm64 | 0.8.7 | 58.00 | NOTE | |||
r-release-macos-x86_64 | 0.8.7 | 75.00 | NOTE | |||
r-release-windows-x86_64 | 0.8.7 | 38.00 | 157.00 | 195.00 | OK | |
r-oldrel-macos-arm64 | 0.8.7 | 50.00 | NOTE | |||
r-oldrel-macos-x86_64 | 0.8.7 | 71.00 | NOTE | |||
r-oldrel-windows-ix86+x86_64 | 0.8.7 | 27.00 | 154.00 | 181.00 | OK |
Version: 0.8.7
Check: data for non-ASCII characters
Result: NOTE
Note: found 52 marked UTF-8 strings
Flavors: r-devel-linux-x86_64-fedora-clang, r-devel-linux-x86_64-fedora-gcc, r-release-macos-arm64, r-release-macos-x86_64, r-oldrel-macos-arm64, r-oldrel-macos-x86_64