Last updated on 2022-08-15 08:50:04 CEST.
Flavor | Version | Tinstall | Tcheck | Ttotal | Status | Flags |
---|---|---|---|---|---|---|
r-devel-linux-x86_64-debian-clang | 1.1.2 | 475.53 | 1262.15 | 1737.68 | OK | |
r-devel-linux-x86_64-debian-gcc | 1.1.2 | 357.62 | 859.98 | 1217.60 | OK | |
r-devel-linux-x86_64-fedora-clang | 1.1.2 | 2385.58 | NOTE | |||
r-devel-linux-x86_64-fedora-gcc | 1.1.2 | 2392.84 | OK | |||
r-devel-windows-x86_64 | 1.1.2 | 438.00 | 886.00 | 1324.00 | NOTE | |
r-patched-linux-x86_64 | 1.1.2 | 429.08 | 1168.99 | 1598.07 | OK | |
r-release-linux-x86_64 | 1.1.2 | 434.63 | 1151.20 | 1585.83 | OK | |
r-release-macos-arm64 | 1.1.2 | 311.00 | NOTE | |||
r-release-macos-x86_64 | 1.1.2 | 744.00 | NOTE | |||
r-release-windows-x86_64 | 1.1.2 | 442.00 | 878.00 | 1320.00 | NOTE | |
r-oldrel-macos-arm64 | 1.1.2 | 448.00 | NOTE | |||
r-oldrel-macos-x86_64 | 1.1.2 | 923.00 | NOTE | |||
r-oldrel-windows-ix86+x86_64 | 1.1.2 | 628.00 | 1035.00 | 1663.00 | NOTE |
Version: 1.1.2
Check: installed package size
Result: NOTE
installed size is 12.1Mb
sub-directories of 1Mb or more:
R 6.5Mb
data 4.6Mb
Flavors: r-devel-linux-x86_64-fedora-clang, r-devel-windows-x86_64, r-release-macos-arm64, r-release-macos-x86_64, r-release-windows-x86_64, r-oldrel-macos-arm64, r-oldrel-macos-x86_64, r-oldrel-windows-ix86+x86_64
Version: 1.1.2
Check: package dependencies
Result: NOTE
Package suggested but not available for checking: ‘polyRAD’
Flavors: r-release-macos-arm64, r-oldrel-macos-arm64
Version: 1.1.2
Check: Rd cross-references
Result: NOTE
Package unavailable to check Rd xrefs: ‘polyRAD’
Flavors: r-release-macos-arm64, r-oldrel-macos-arm64