Last updated on 2022-08-15 08:50:04 CEST.
Flavor | Version | Tinstall | Tcheck | Ttotal | Status | Flags |
---|---|---|---|---|---|---|
r-devel-linux-x86_64-debian-clang | 0.0.9 | 41.38 | 110.77 | 152.15 | OK | |
r-devel-linux-x86_64-debian-gcc | 0.0.9 | 32.08 | 81.09 | 113.17 | OK | |
r-devel-linux-x86_64-fedora-clang | 0.0.9 | 194.48 | OK | |||
r-devel-linux-x86_64-fedora-gcc | 0.0.9 | 188.40 | OK | |||
r-devel-windows-x86_64 | 0.0.9 | 77.00 | 154.00 | 231.00 | NOTE | |
r-patched-linux-x86_64 | 0.0.9 | 30.58 | 102.60 | 133.18 | OK | |
r-release-linux-x86_64 | 0.0.9 | 26.58 | 105.11 | 131.69 | OK | |
r-release-macos-arm64 | 0.0.9 | 55.00 | NOTE | |||
r-release-macos-x86_64 | 0.0.9 | 93.00 | NOTE | |||
r-release-windows-x86_64 | 0.0.9 | 65.00 | 160.00 | 225.00 | NOTE | |
r-oldrel-macos-arm64 | 0.0.9 | 58.00 | NOTE | |||
r-oldrel-macos-x86_64 | 0.0.9 | 70.00 | NOTE | |||
r-oldrel-windows-ix86+x86_64 | 0.0.9 | 91.00 | 201.00 | 292.00 | NOTE |
Version: 0.0.9
Check: installed package size
Result: NOTE
installed size is 5.8Mb
sub-directories of 1Mb or more:
data 2.6Mb
doc 1.7Mb
libs 1.0Mb
Flavors: r-devel-windows-x86_64, r-release-macos-arm64, r-release-macos-x86_64, r-release-windows-x86_64, r-oldrel-macos-arm64, r-oldrel-macos-x86_64, r-oldrel-windows-ix86+x86_64