Last updated on 2022-08-15 08:50:04 CEST.
Flavor | Version | Tinstall | Tcheck | Ttotal | Status | Flags |
---|---|---|---|---|---|---|
r-devel-linux-x86_64-debian-clang | 1.3-1 | 14.85 | 129.10 | 143.95 | OK | |
r-devel-linux-x86_64-debian-gcc | 1.3-1 | 10.96 | 93.66 | 104.62 | OK | |
r-devel-linux-x86_64-fedora-clang | 1.3-1 | 176.49 | NOTE | |||
r-devel-linux-x86_64-fedora-gcc | 1.3-1 | 169.80 | OK | |||
r-devel-windows-x86_64 | 1.3-1 | 36.00 | 152.00 | 188.00 | NOTE | |
r-patched-linux-x86_64 | 1.3-1 | 14.83 | 116.47 | 131.30 | OK | |
r-release-linux-x86_64 | 1.3-1 | 12.12 | 117.27 | 129.39 | OK | |
r-release-macos-arm64 | 1.3-1 | 52.00 | NOTE | |||
r-release-macos-x86_64 | 1.3-1 | 92.00 | NOTE | |||
r-release-windows-x86_64 | 1.3-1 | 57.00 | 160.00 | 217.00 | NOTE | |
r-oldrel-macos-arm64 | 1.3-1 | 72.00 | NOTE | |||
r-oldrel-macos-x86_64 | 1.3-1 | 72.00 | NOTE | |||
r-oldrel-windows-ix86+x86_64 | 1.3-1 | 28.00 | 143.00 | 171.00 | NOTE |
Version: 1.3-1
Check: installed package size
Result: NOTE
installed size is 5.4Mb
sub-directories of 1Mb or more:
doc 4.9Mb
Flavors: r-devel-linux-x86_64-fedora-clang, r-devel-windows-x86_64, r-release-macos-arm64, r-release-macos-x86_64, r-release-windows-x86_64, r-oldrel-macos-arm64, r-oldrel-macos-x86_64, r-oldrel-windows-ix86+x86_64