Last updated on 2022-08-15 08:50:04 CEST.
Flavor | Version | Tinstall | Tcheck | Ttotal | Status | Flags |
---|---|---|---|---|---|---|
r-devel-linux-x86_64-debian-clang | 1.0.0 | 28.34 | 257.93 | 286.27 | OK | |
r-devel-linux-x86_64-debian-gcc | 1.0.0 | 23.89 | 194.06 | 217.95 | OK | |
r-devel-linux-x86_64-fedora-clang | 1.0.0 | 349.41 | NOTE | |||
r-devel-linux-x86_64-fedora-gcc | 1.0.0 | 380.90 | NOTE | |||
r-devel-windows-x86_64 | 1.0.0 | 56.00 | 288.00 | 344.00 | OK | |
r-patched-linux-x86_64 | 1.0.0 | 35.52 | 243.40 | 278.92 | OK | |
r-release-linux-x86_64 | 1.0.0 | 29.88 | 248.38 | 278.26 | OK | |
r-release-macos-arm64 | 1.0.0 | 96.00 | NOTE | |||
r-release-macos-x86_64 | 1.0.0 | 124.00 | NOTE | |||
r-release-windows-x86_64 | 1.0.0 | 56.00 | 283.00 | 339.00 | OK | |
r-oldrel-macos-arm64 | 1.0.0 | 93.00 | NOTE | |||
r-oldrel-macos-x86_64 | 1.0.0 | 119.00 | NOTE | |||
r-oldrel-windows-ix86+x86_64 | 1.0.0 | 67.00 | 286.00 | 353.00 | OK |
Version: 1.0.0
Check: package dependencies
Result: NOTE
Imports includes 23 non-default packages.
Importing from so many packages makes the package vulnerable to any of
them becoming unavailable. Move as many as possible to Suggests and
use conditionally.
Flavor: r-devel-linux-x86_64-fedora-clang
Version: 1.0.0
Check: dependencies in R code
Result: NOTE
Namespaces in Imports field not imported from:
‘psych’ ‘zoo’
All declared Imports should be used.
Flavors: r-devel-linux-x86_64-fedora-clang, r-devel-linux-x86_64-fedora-gcc, r-release-macos-arm64, r-release-macos-x86_64, r-oldrel-macos-arm64, r-oldrel-macos-x86_64