Last updated on 2022-08-15 08:50:04 CEST.
Flavor | Version | Tinstall | Tcheck | Ttotal | Status | Flags |
---|---|---|---|---|---|---|
r-devel-linux-x86_64-debian-clang | 0.5-2 | 10.30 | 100.44 | 110.74 | NOTE | |
r-devel-linux-x86_64-debian-gcc | 0.5-2 | 5.64 | 77.30 | 82.94 | NOTE | |
r-devel-linux-x86_64-fedora-clang | 0.5-2 | 144.49 | NOTE | |||
r-devel-linux-x86_64-fedora-gcc | 0.5-2 | 142.50 | NOTE | |||
r-devel-windows-x86_64 | 0.5-2 | 64.00 | 158.00 | 222.00 | NOTE | |
r-patched-linux-x86_64 | 0.5-2 | 8.67 | 96.48 | 105.15 | OK | |
r-release-linux-x86_64 | 0.5-2 | 8.12 | 96.88 | 105.00 | OK | |
r-release-macos-arm64 | 0.5-2 | 52.00 | OK | |||
r-release-macos-x86_64 | 0.5-2 | 71.00 | OK | |||
r-release-windows-x86_64 | 0.5-2 | 84.00 | 165.00 | 249.00 | OK | |
r-oldrel-macos-arm64 | 0.5-2 | 67.00 | OK | |||
r-oldrel-macos-x86_64 | 0.5-2 | 73.00 | OK | |||
r-oldrel-windows-ix86+x86_64 | 0.5-2 | 16.00 | 143.00 | 159.00 | OK |
Version: 0.5-2
Check: Rd files
Result: NOTE
checkRd: (-1) tradelist-class.Rd:91: Escaped LaTeX specials: \$
Flavors: r-devel-linux-x86_64-debian-clang, r-devel-linux-x86_64-debian-gcc, r-devel-linux-x86_64-fedora-clang, r-devel-linux-x86_64-fedora-gcc, r-devel-windows-x86_64