Last updated on 2022-08-15 08:50:04 CEST.
Flavor | Version | Tinstall | Tcheck | Ttotal | Status | Flags |
---|---|---|---|---|---|---|
r-devel-linux-x86_64-debian-clang | 1.0-0 | 5.47 | 920.06 | 925.53 | NOTE | |
r-devel-linux-x86_64-debian-gcc | 1.0-0 | 4.51 | 571.05 | 575.56 | NOTE | |
r-devel-linux-x86_64-fedora-clang | 1.0-0 | 836.08 | NOTE | |||
r-devel-linux-x86_64-fedora-gcc | 1.0-0 | 842.34 | NOTE | |||
r-devel-windows-x86_64 | 1.0-0 | 81.00 | 570.00 | 651.00 | NOTE | |
r-patched-linux-x86_64 | 1.0-0 | 3.99 | 779.62 | 783.61 | OK | |
r-release-linux-x86_64 | 1.0-0 | 6.13 | 782.84 | 788.97 | OK | |
r-release-macos-arm64 | 1.0-0 | 165.00 | OK | |||
r-release-macos-x86_64 | 1.0-0 | 236.00 | OK | |||
r-release-windows-x86_64 | 1.0-0 | 203.00 | 558.00 | 761.00 | OK | |
r-oldrel-macos-arm64 | 1.0-0 | 201.00 | OK | |||
r-oldrel-macos-x86_64 | 1.0-0 | 307.00 | OK | |||
r-oldrel-windows-ix86+x86_64 | 1.0-0 | 206.00 | 703.00 | 909.00 | OK |
Version: 1.0-0
Check: package subdirectories
Result: NOTE
Problems with news in 'NEWS.md':
No news entries found.
Flavors: r-devel-linux-x86_64-debian-clang, r-devel-linux-x86_64-debian-gcc, r-devel-linux-x86_64-fedora-clang, r-devel-linux-x86_64-fedora-gcc, r-devel-windows-x86_64