Last updated on 2022-08-15 08:50:04 CEST.
Flavor | Version | Tinstall | Tcheck | Ttotal | Status | Flags |
---|---|---|---|---|---|---|
r-devel-linux-x86_64-debian-clang | 2.4.0.2 | 29.01 | 210.97 | 239.98 | OK | |
r-devel-linux-x86_64-debian-gcc | 2.4.0.2 | 23.48 | 154.74 | 178.22 | OK | |
r-devel-linux-x86_64-fedora-clang | 2.4.0.2 | 289.84 | NOTE | |||
r-devel-linux-x86_64-fedora-gcc | 2.4.0.2 | 286.41 | NOTE | |||
r-devel-windows-x86_64 | 2.4.0.2 | 82.00 | 199.00 | 281.00 | OK | |
r-patched-linux-x86_64 | 2.4.0.2 | 28.64 | 199.92 | 228.56 | OK | |
r-release-linux-x86_64 | 2.4.0.2 | 31.23 | 200.81 | 232.04 | OK | |
r-release-macos-arm64 | 2.4.0.2 | 75.00 | NOTE | |||
r-release-macos-x86_64 | 2.4.0.2 | 144.00 | NOTE | |||
r-release-windows-x86_64 | 2.4.0.2 | 158.00 | 196.00 | 354.00 | OK | |
r-oldrel-macos-arm64 | 2.4.0.2 | 73.00 | NOTE | |||
r-oldrel-macos-x86_64 | 2.4.0.2 | 111.00 | NOTE | |||
r-oldrel-windows-ix86+x86_64 | 2.4.0.2 | 59.00 | 204.00 | 263.00 | OK |
Version: 2.4.0.2
Check: dependencies in R code
Result: NOTE
Namespaces in Imports field not imported from:
‘ActCR’ ‘ActFrag’ ‘tidyr’
All declared Imports should be used.
Flavors: r-devel-linux-x86_64-fedora-clang, r-devel-linux-x86_64-fedora-gcc, r-release-macos-arm64, r-release-macos-x86_64, r-oldrel-macos-arm64, r-oldrel-macos-x86_64