Last updated on 2022-08-15 08:50:04 CEST.
Flavor | Version | Tinstall | Tcheck | Ttotal | Status | Flags |
---|---|---|---|---|---|---|
r-devel-linux-x86_64-debian-clang | 0.2.4 | 2.46 | 35.59 | 38.05 | NOTE | |
r-devel-linux-x86_64-debian-gcc | 0.2.4 | 2.82 | 27.62 | 30.44 | NOTE | |
r-devel-linux-x86_64-fedora-clang | 0.2.4 | 57.76 | NOTE | |||
r-devel-linux-x86_64-fedora-gcc | 0.2.4 | 58.86 | NOTE | |||
r-devel-windows-x86_64 | 0.2.4 | 6.00 | 59.00 | 65.00 | NOTE | |
r-patched-linux-x86_64 | 0.2.4 | 3.39 | 34.34 | 37.73 | NOTE | |
r-release-linux-x86_64 | 0.2.4 | 3.51 | 34.61 | 38.12 | NOTE | |
r-release-macos-arm64 | 0.2.4 | 19.00 | NOTE | |||
r-release-macos-x86_64 | 0.2.4 | 27.00 | NOTE | |||
r-release-windows-x86_64 | 0.2.4 | 19.00 | 61.00 | 80.00 | NOTE | |
r-oldrel-macos-arm64 | 0.2.4 | 23.00 | NOTE | |||
r-oldrel-macos-x86_64 | 0.2.4 | 30.00 | NOTE | |||
r-oldrel-windows-ix86+x86_64 | 0.2.4 | 9.00 | 55.00 | 64.00 | NOTE |
Version: 0.2.4
Check: LazyData
Result: NOTE
'LazyData' is specified without a 'data' directory
Flavors: r-devel-linux-x86_64-debian-clang, r-devel-linux-x86_64-debian-gcc, r-devel-linux-x86_64-fedora-clang, r-devel-linux-x86_64-fedora-gcc, r-devel-windows-x86_64, r-patched-linux-x86_64, r-release-linux-x86_64, r-release-macos-arm64, r-release-macos-x86_64, r-release-windows-x86_64, r-oldrel-macos-arm64, r-oldrel-macos-x86_64, r-oldrel-windows-ix86+x86_64