Last updated on 2022-08-15 08:50:04 CEST.
Flavor | Version | Tinstall | Tcheck | Ttotal | Status | Flags |
---|---|---|---|---|---|---|
r-devel-linux-x86_64-debian-clang | 0.5.3 | 3.32 | 41.03 | 44.35 | OK | |
r-devel-linux-x86_64-debian-gcc | 0.5.3 | 2.94 | 31.26 | 34.20 | OK | |
r-devel-linux-x86_64-fedora-clang | 0.5.3 | 63.78 | NOTE | |||
r-devel-linux-x86_64-fedora-gcc | 0.5.3 | 61.48 | OK | |||
r-devel-windows-x86_64 | 0.5.3 | 16.00 | 74.00 | 90.00 | OK | |
r-patched-linux-x86_64 | 0.5.3 | 3.66 | 38.36 | 42.02 | OK | |
r-release-linux-x86_64 | 0.5.3 | 2.17 | 38.40 | 40.57 | OK | |
r-release-macos-arm64 | 0.5.3 | 24.00 | OK | |||
r-release-macos-x86_64 | 0.5.3 | 50.00 | NOTE | |||
r-release-windows-x86_64 | 0.5.3 | 28.00 | 74.00 | 102.00 | OK | |
r-oldrel-macos-arm64 | 0.5.3 | 37.00 | NOTE | |||
r-oldrel-macos-x86_64 | 0.5.3 | 31.00 | OK | |||
r-oldrel-windows-ix86+x86_64 | 0.5.3 | 8.00 | 63.00 | 71.00 | OK |
Version: 0.5.3
Check: Rd cross-references
Result: NOTE
Undeclared packages ‘rstan’, ‘R2WinBUGS’, ‘R2jags’, ‘R2OpenBUGS’, ‘nimble’, ‘rjags’, ‘jagsUI’ in Rd xrefs
Flavor: r-devel-linux-x86_64-fedora-clang
Version: 0.5.3
Check: Rd cross-references
Result: NOTE
Packages unavailable to check Rd xrefs: ‘R2jags’, ‘rjags’, ‘jagsUI’
Flavors: r-release-macos-x86_64, r-oldrel-macos-arm64