Last updated on 2022-08-15 08:50:04 CEST.
Flavor | Version | Tinstall | Tcheck | Ttotal | Status | Flags |
---|---|---|---|---|---|---|
r-devel-linux-x86_64-debian-clang | 1.0.1 | 2.19 | 22.75 | 24.94 | NOTE | |
r-devel-linux-x86_64-debian-gcc | 1.0.1 | 1.61 | 18.33 | 19.94 | NOTE | |
r-devel-linux-x86_64-fedora-clang | 1.0.1 | 42.21 | NOTE | |||
r-devel-linux-x86_64-fedora-gcc | 1.0.1 | 40.77 | NOTE | |||
r-devel-windows-x86_64 | 1.0.1 | 14.00 | 47.00 | 61.00 | NOTE | |
r-patched-linux-x86_64 | 1.0.1 | 1.62 | 22.91 | 24.53 | NOTE | |
r-release-linux-x86_64 | 1.0.1 | 1.95 | 22.53 | 24.48 | NOTE | |
r-release-macos-arm64 | 1.0.1 | 15.00 | NOTE | |||
r-release-macos-x86_64 | 1.0.1 | 21.00 | NOTE | |||
r-release-windows-x86_64 | 1.0.1 | 4.00 | 46.00 | 50.00 | NOTE | |
r-oldrel-macos-arm64 | 1.0.1 | 19.00 | NOTE | |||
r-oldrel-macos-x86_64 | 1.0.1 | 24.00 | NOTE | |||
r-oldrel-windows-ix86+x86_64 | 1.0.1 | 4.00 | 37.00 | 41.00 | NOTE |
Version: 1.0.1
Check: LazyData
Result: NOTE
'LazyData' is specified without a 'data' directory
Flavors: r-devel-linux-x86_64-debian-clang, r-devel-linux-x86_64-debian-gcc, r-devel-linux-x86_64-fedora-clang, r-devel-linux-x86_64-fedora-gcc, r-devel-windows-x86_64, r-patched-linux-x86_64, r-release-linux-x86_64, r-release-macos-arm64, r-release-macos-x86_64, r-release-windows-x86_64, r-oldrel-macos-arm64, r-oldrel-macos-x86_64, r-oldrel-windows-ix86+x86_64