Last updated on 2022-08-15 08:50:04 CEST.
Flavor | Version | Tinstall | Tcheck | Ttotal | Status | Flags |
---|---|---|---|---|---|---|
r-devel-linux-x86_64-debian-clang | 1.0 | 31.98 | 173.74 | 205.72 | ERROR | |
r-devel-linux-x86_64-debian-gcc | 1.0 | 24.13 | 128.59 | 152.72 | ERROR | |
r-devel-linux-x86_64-fedora-clang | 1.0 | 256.04 | ERROR | |||
r-devel-linux-x86_64-fedora-gcc | 1.0 | 261.12 | ERROR | |||
r-devel-windows-x86_64 | 1.0 | 97.00 | 205.00 | 302.00 | ERROR | |
r-patched-linux-x86_64 | 1.0 | 29.65 | 153.43 | 183.08 | OK | |
r-release-linux-x86_64 | 1.0 | 24.95 | 151.03 | 175.98 | OK | |
r-release-macos-arm64 | 1.0 | 71.00 | NOTE | |||
r-release-macos-x86_64 | 1.0 | 108.00 | NOTE | |||
r-release-windows-x86_64 | 1.0 | 150.00 | 202.00 | 352.00 | OK | |
r-oldrel-macos-arm64 | 1.0 | 76.00 | NOTE | |||
r-oldrel-macos-x86_64 | 1.0 | 89.00 | NOTE | |||
r-oldrel-windows-ix86+x86_64 | 1.0 | 75.00 | 263.00 | 338.00 | OK |
Version: 1.0
Check: PDF version of manual
Result: WARN
LaTeX errors when creating PDF version.
This typically indicates Rd problems.
LaTeX errors found:
! LaTeX Error: Unicode character â<c2><88><c2><92> (U+2212)
not set up for use with LaTeX.
See the LaTeX manual or LaTeX Companion for explanation.
Type H <return> for immediate help.
Flavor: r-devel-linux-x86_64-debian-clang
Version: 1.0
Check: PDF version of manual without index
Result: ERROR
Flavors: r-devel-linux-x86_64-debian-clang, r-devel-linux-x86_64-debian-gcc, r-devel-linux-x86_64-fedora-clang, r-devel-linux-x86_64-fedora-gcc, r-devel-windows-x86_64
Version: 1.0
Check: for non-standard things in the check directory
Result: NOTE
Found the following files/directories:
'powerHaDeX-manual.tex'
Flavors: r-devel-linux-x86_64-debian-clang, r-devel-linux-x86_64-debian-gcc, r-devel-linux-x86_64-fedora-clang, r-devel-linux-x86_64-fedora-gcc
Version: 1.0
Check: PDF version of manual
Result: WARN
LaTeX errors when creating PDF version.
This typically indicates Rd problems.
LaTeX errors found:
! LaTeX Error: Unicode character − (U+2212)
not set up for use with LaTeX.
See the LaTeX manual or LaTeX Companion for explanation.
Type H <return> for immediate help.
Flavors: r-devel-linux-x86_64-debian-gcc, r-devel-linux-x86_64-fedora-clang, r-devel-linux-x86_64-fedora-gcc
Version: 1.0
Check: dependencies in R code
Result: NOTE
Namespaces in Imports field not imported from:
‘lme4’ ‘methods’ ‘plyr’
All declared Imports should be used.
Flavors: r-devel-linux-x86_64-fedora-clang, r-devel-linux-x86_64-fedora-gcc, r-release-macos-arm64, r-release-macos-x86_64, r-oldrel-macos-arm64, r-oldrel-macos-x86_64
Version: 1.0
Check: PDF version of manual
Result: WARN
LaTeX errors when creating PDF version.
This typically indicates Rd problems.
LaTeX errors found:
! Package inputenc Error: Unicode character − (U+2212)
(inputenc) not set up for use with LaTeX.
See the inputenc package documentation for explanation.
Type H <return> for immediate help.
Flavor: r-devel-windows-x86_64