Last updated on 2022-08-15 08:50:04 CEST.
Flavor | Version | Tinstall | Tcheck | Ttotal | Status | Flags |
---|---|---|---|---|---|---|
r-devel-linux-x86_64-debian-clang | 0.0.2 | 2.70 | 25.25 | 27.95 | NOTE | |
r-devel-linux-x86_64-debian-gcc | 0.0.2 | 1.32 | 19.82 | 21.14 | NOTE | |
r-devel-linux-x86_64-fedora-clang | 0.0.2 | 44.64 | NOTE | |||
r-devel-linux-x86_64-fedora-gcc | 0.0.2 | 43.13 | NOTE | |||
r-devel-windows-x86_64 | 0.0.2 | 12.00 | 50.00 | 62.00 | NOTE | |
r-patched-linux-x86_64 | 0.0.2 | 2.65 | 24.50 | 27.15 | NOTE | |
r-release-linux-x86_64 | 0.0.2 | 1.70 | 24.87 | 26.57 | NOTE | |
r-release-macos-arm64 | 0.0.2 | 16.00 | NOTE | |||
r-release-macos-x86_64 | 0.0.2 | 23.00 | NOTE | |||
r-release-windows-x86_64 | 0.0.2 | 15.00 | 49.00 | 64.00 | NOTE | |
r-oldrel-macos-arm64 | 0.0.2 | 21.00 | NOTE | |||
r-oldrel-macos-x86_64 | 0.0.2 | 26.00 | NOTE | |||
r-oldrel-windows-ix86+x86_64 | 0.0.2 | 6.00 | 45.00 | 51.00 | NOTE |
Version: 0.0.2
Check: LazyData
Result: NOTE
'LazyData' is specified without a 'data' directory
Flavors: r-devel-linux-x86_64-debian-clang, r-devel-linux-x86_64-debian-gcc, r-devel-linux-x86_64-fedora-clang, r-devel-linux-x86_64-fedora-gcc, r-devel-windows-x86_64, r-patched-linux-x86_64, r-release-linux-x86_64, r-release-macos-arm64, r-release-macos-x86_64, r-release-windows-x86_64, r-oldrel-macos-arm64, r-oldrel-macos-x86_64, r-oldrel-windows-ix86+x86_64