Last updated on 2022-08-15 08:50:04 CEST.
Flavor | Version | Tinstall | Tcheck | Ttotal | Status | Flags |
---|---|---|---|---|---|---|
r-devel-linux-x86_64-debian-clang | 0.0.2 | 2.24 | 63.68 | 65.92 | NOTE | |
r-devel-linux-x86_64-debian-gcc | 0.0.2 | 2.18 | 47.53 | 49.71 | NOTE | |
r-devel-linux-x86_64-fedora-clang | 0.0.2 | 85.75 | NOTE | |||
r-devel-linux-x86_64-fedora-gcc | 0.0.2 | 85.94 | NOTE | |||
r-devel-windows-x86_64 | 0.0.2 | 13.00 | 87.00 | 100.00 | NOTE | |
r-patched-linux-x86_64 | 0.0.2 | 3.20 | 59.14 | 62.34 | NOTE | |
r-release-linux-x86_64 | 0.0.2 | 2.90 | 59.00 | 61.90 | NOTE | |
r-release-macos-arm64 | 0.0.2 | 21.00 | NOTE | |||
r-release-macos-x86_64 | 0.0.2 | 42.00 | NOTE | |||
r-release-windows-x86_64 | 0.0.2 | 11.00 | 85.00 | 96.00 | NOTE | |
r-oldrel-macos-arm64 | 0.0.2 | 36.00 | NOTE | |||
r-oldrel-macos-x86_64 | 0.0.2 | 46.00 | NOTE | |||
r-oldrel-windows-ix86+x86_64 | 0.0.2 | 7.00 | 79.00 | 86.00 | NOTE |
Version: 0.0.2
Check: LazyData
Result: NOTE
'LazyData' is specified without a 'data' directory
Flavors: r-devel-linux-x86_64-debian-clang, r-devel-linux-x86_64-debian-gcc, r-devel-linux-x86_64-fedora-clang, r-devel-linux-x86_64-fedora-gcc, r-devel-windows-x86_64, r-patched-linux-x86_64, r-release-linux-x86_64, r-release-macos-arm64, r-release-macos-x86_64, r-release-windows-x86_64, r-oldrel-macos-arm64, r-oldrel-macos-x86_64, r-oldrel-windows-ix86+x86_64
Version: 0.0.2
Check: dependencies in R code
Result: NOTE
Namespaces in Imports field not imported from:
‘rpart’ ‘withr’
All declared Imports should be used.
Flavors: r-devel-linux-x86_64-fedora-clang, r-devel-linux-x86_64-fedora-gcc, r-release-macos-arm64, r-release-macos-x86_64, r-oldrel-macos-arm64, r-oldrel-macos-x86_64