Last updated on 2022-08-15 08:50:04 CEST.
Flavor | Version | Tinstall | Tcheck | Ttotal | Status | Flags |
---|---|---|---|---|---|---|
r-devel-linux-x86_64-debian-clang | 0.3.2 | 3.72 | 229.51 | 233.23 | OK | |
r-devel-linux-x86_64-debian-gcc | 0.3.2 | 3.60 | 168.44 | 172.04 | OK | |
r-devel-linux-x86_64-fedora-clang | 0.3.2 | 277.32 | NOTE | |||
r-devel-linux-x86_64-fedora-gcc | 0.3.2 | 283.10 | NOTE | |||
r-devel-windows-x86_64 | 0.3.2 | 443.00 | 508.00 | 951.00 | OK | |
r-patched-linux-x86_64 | 0.3.2 | 4.59 | 213.49 | 218.08 | OK | |
r-release-linux-x86_64 | 0.3.2 | 4.16 | 212.60 | 216.76 | OK | |
r-release-macos-arm64 | 0.3.2 | 113.00 | NOTE | |||
r-release-macos-x86_64 | 0.3.2 | 145.00 | NOTE | |||
r-release-windows-x86_64 | 0.3.2 | 296.00 | 517.00 | 813.00 | OK | |
r-oldrel-macos-arm64 | 0.3.2 | 103.00 | NOTE | |||
r-oldrel-macos-x86_64 | 0.3.2 | 141.00 | NOTE | |||
r-oldrel-windows-ix86+x86_64 | 0.3.2 | 28.00 | 355.00 | 383.00 | OK |
Version: 0.3.2
Check: dependencies in R code
Result: NOTE
Namespace in Imports field not imported from: ‘here’
All declared Imports should be used.
Flavors: r-devel-linux-x86_64-fedora-clang, r-devel-linux-x86_64-fedora-gcc, r-release-macos-arm64, r-release-macos-x86_64, r-oldrel-macos-arm64, r-oldrel-macos-x86_64