Last updated on 2022-08-15 08:50:04 CEST.
Flavor | Version | Tinstall | Tcheck | Ttotal | Status | Flags |
---|---|---|---|---|---|---|
r-devel-linux-x86_64-debian-clang | 0.12.9 | 51.29 | 186.81 | 238.10 | OK | |
r-devel-linux-x86_64-debian-gcc | 0.12.9 | 42.28 | 135.62 | 177.90 | OK | |
r-devel-linux-x86_64-fedora-clang | 0.12.9 | 293.78 | OK | |||
r-devel-linux-x86_64-fedora-gcc | 0.12.9 | 288.11 | OK | |||
r-devel-windows-x86_64 | 0.12.9 | 80.00 | 229.00 | 309.00 | OK | |
r-patched-linux-x86_64 | 0.12.9 | 43.46 | 175.34 | 218.80 | OK | |
r-release-linux-x86_64 | 0.12.9 | 47.01 | 168.30 | 215.31 | OK | |
r-release-macos-arm64 | 0.12.9 | 92.00 | OK | |||
r-release-macos-x86_64 | 0.12.9 | 1804.00 | OK | |||
r-release-windows-x86_64 | 0.12.9 | 75.00 | 228.00 | 303.00 | OK | |
r-oldrel-macos-arm64 | 0.12.9 | 77.00 | NOTE | |||
r-oldrel-macos-x86_64 | 0.12.9 | 114.00 | OK | |||
r-oldrel-windows-ix86+x86_64 | 0.12.9 | 119.00 | 281.00 | 400.00 | OK |
Version: 0.12.9
Check: installed package size
Result: NOTE
installed size is 5.5Mb
sub-directories of 1Mb or more:
doc 1.2Mb
libs 3.4Mb
Flavor: r-oldrel-macos-arm64