Last updated on 2022-08-15 08:50:04 CEST.
Flavor | Version | Tinstall | Tcheck | Ttotal | Status | Flags |
---|---|---|---|---|---|---|
r-devel-linux-x86_64-debian-clang | 0.3.14 | 7.11 | 58.48 | 65.59 | NOTE | |
r-devel-linux-x86_64-debian-gcc | 0.3.14 | 4.15 | 42.66 | 46.81 | NOTE | |
r-devel-linux-x86_64-fedora-clang | 0.3.14 | 85.52 | NOTE | |||
r-devel-linux-x86_64-fedora-gcc | 0.3.14 | 113.34 | NOTE | |||
r-devel-windows-x86_64 | 0.3.14 | 58.00 | 79.00 | 137.00 | OK | |
r-patched-linux-x86_64 | 0.3.14 | 6.58 | 52.65 | 59.23 | NOTE | |
r-release-linux-x86_64 | 0.3.14 | 6.19 | 53.91 | 60.10 | NOTE | |
r-release-macos-arm64 | 0.3.14 | 29.00 | OK | |||
r-release-macos-x86_64 | 0.3.14 | 50.00 | NOTE | |||
r-release-windows-x86_64 | 0.3.14 | 41.00 | 77.00 | 118.00 | OK | |
r-oldrel-macos-arm64 | 0.3.14 | 36.00 | OK | |||
r-oldrel-macos-x86_64 | 0.3.14 | 68.00 | OK | |||
r-oldrel-windows-ix86+x86_64 | 0.3.14 | 11.00 | 69.00 | 80.00 | OK |
Version: 0.3.14
Check: package dependencies
Result: NOTE
Package which this enhances but not available for checking: 'ffbase'
Flavors: r-devel-linux-x86_64-debian-clang, r-devel-linux-x86_64-debian-gcc, r-devel-linux-x86_64-fedora-clang, r-devel-linux-x86_64-fedora-gcc, r-patched-linux-x86_64, r-release-linux-x86_64, r-release-macos-x86_64
Version: 0.3.14
Check: Rd cross-references
Result: NOTE
Unknown package 'ffbase' in Rd xrefs
Flavors: r-devel-linux-x86_64-debian-clang, r-devel-linux-x86_64-debian-gcc, r-devel-linux-x86_64-fedora-clang, r-devel-linux-x86_64-fedora-gcc, r-patched-linux-x86_64, r-release-linux-x86_64, r-release-macos-x86_64