Last updated on 2022-08-15 08:50:04 CEST.
Flavor | Version | Tinstall | Tcheck | Ttotal | Status | Flags |
---|---|---|---|---|---|---|
r-devel-linux-x86_64-debian-clang | 0.1.1 | 37.55 | 45.66 | 83.21 | NOTE | |
r-devel-linux-x86_64-debian-gcc | 0.1.1 | 24.67 | 33.93 | 58.60 | NOTE | |
r-devel-linux-x86_64-fedora-clang | 0.1.1 | 112.34 | NOTE | |||
r-devel-linux-x86_64-fedora-gcc | 0.1.1 | 103.98 | NOTE | |||
r-devel-windows-x86_64 | 0.1.1 | 46.00 | 94.00 | 140.00 | NOTE | |
r-patched-linux-x86_64 | 0.1.1 | 34.11 | 41.58 | 75.69 | NOTE | |
r-release-linux-x86_64 | 0.1.1 | 24.54 | 42.08 | 66.62 | NOTE | |
r-release-macos-arm64 | 0.1.1 | 29.00 | NOTE | |||
r-release-macos-x86_64 | 0.1.1 | 39.00 | NOTE | |||
r-release-windows-x86_64 | 0.1.1 | 50.00 | 89.00 | 139.00 | NOTE | |
r-oldrel-macos-arm64 | 0.1.1 | 35.00 | NOTE | |||
r-oldrel-macos-x86_64 | 0.1.1 | 50.00 | NOTE | |||
r-oldrel-windows-ix86+x86_64 | 0.1.1 | 83.00 | 100.00 | 183.00 | NOTE |
Version: 0.1.1
Check: LazyData
Result: NOTE
'LazyData' is specified without a 'data' directory
Flavors: r-devel-linux-x86_64-debian-clang, r-devel-linux-x86_64-debian-gcc, r-devel-linux-x86_64-fedora-clang, r-devel-linux-x86_64-fedora-gcc, r-devel-windows-x86_64, r-patched-linux-x86_64, r-release-linux-x86_64, r-release-macos-arm64, r-release-macos-x86_64, r-release-windows-x86_64, r-oldrel-macos-arm64, r-oldrel-macos-x86_64, r-oldrel-windows-ix86+x86_64