Last updated on 2022-08-15 08:50:04 CEST.
Flavor | Version | Tinstall | Tcheck | Ttotal | Status | Flags |
---|---|---|---|---|---|---|
r-devel-linux-x86_64-debian-clang | 1.1.0 | 10.29 | 55.91 | 66.20 | NOTE | |
r-devel-linux-x86_64-debian-gcc | 1.1.0 | 8.09 | 42.09 | 50.18 | NOTE | |
r-devel-linux-x86_64-fedora-clang | 1.1.0 | 88.89 | NOTE | |||
r-devel-linux-x86_64-fedora-gcc | 1.1.0 | 92.72 | NOTE | |||
r-devel-windows-x86_64 | 1.1.0 | 48.00 | 94.00 | 142.00 | NOTE | |
r-patched-linux-x86_64 | 1.1.0 | 9.00 | 53.34 | 62.34 | NOTE | |
r-release-linux-x86_64 | 1.1.0 | 9.52 | 52.82 | 62.34 | NOTE | |
r-release-macos-arm64 | 1.1.0 | 33.00 | NOTE | |||
r-release-macos-x86_64 | 1.1.0 | 44.00 | NOTE | |||
r-release-windows-x86_64 | 1.1.0 | 67.00 | 92.00 | 159.00 | NOTE | |
r-oldrel-macos-arm64 | 1.1.0 | 38.00 | NOTE | |||
r-oldrel-macos-x86_64 | 1.1.0 | 66.00 | NOTE | |||
r-oldrel-windows-ix86+x86_64 | 1.1.0 | 32.00 | 117.00 | 149.00 | NOTE |
Version: 1.1.0
Check: LazyData
Result: NOTE
'LazyData' is specified without a 'data' directory
Flavors: r-devel-linux-x86_64-debian-clang, r-devel-linux-x86_64-debian-gcc, r-devel-linux-x86_64-fedora-clang, r-devel-linux-x86_64-fedora-gcc, r-devel-windows-x86_64, r-patched-linux-x86_64, r-release-linux-x86_64, r-release-macos-arm64, r-release-macos-x86_64, r-release-windows-x86_64, r-oldrel-macos-arm64, r-oldrel-macos-x86_64, r-oldrel-windows-ix86+x86_64
Version: 1.1.0
Check: HTML version of manual
Result: NOTE
Found the following HTML validation problems:
new_app.html:119:43: Warning: inserting implicit <p>
new_app.html:205:35: Warning: inserting implicit <p>
new_app.html:237:40: Warning: inserting implicit <p>
new_app.html:329:21: Warning: inserting implicit <p>
new_app.html:344:82: Warning: inserting implicit <p>
new_app.html:352:65: Warning: inserting implicit <p>
new_app.html:395:72: Warning: inserting implicit <p>
new_app.html:119:43: Warning: trimming empty <p>
new_app.html:205:35: Warning: trimming empty <p>
new_app.html:237:40: Warning: trimming empty <p>
new_app.html:329:21: Warning: trimming empty <p>
new_app.html:344:82: Warning: trimming empty <p>
new_app.html:352:65: Warning: trimming empty <p>
new_app.html:395:72: Warning: trimming empty <p>
new_app_process.html:75:88: Warning: inserting implicit <p>
new_app_process.html:75:88: Warning: trimming empty <p>
Flavors: r-devel-linux-x86_64-debian-clang, r-devel-linux-x86_64-debian-gcc, r-devel-linux-x86_64-fedora-clang, r-devel-linux-x86_64-fedora-gcc