Last updated on 2022-08-15 08:50:04 CEST.
Flavor | Version | Tinstall | Tcheck | Ttotal | Status | Flags |
---|---|---|---|---|---|---|
r-devel-linux-x86_64-debian-clang | 0.0.1 | 2.12 | 24.84 | 26.96 | NOTE | |
r-devel-linux-x86_64-debian-gcc | 0.0.1 | 1.70 | 19.24 | 20.94 | NOTE | |
r-devel-linux-x86_64-fedora-clang | 0.0.1 | 43.29 | NOTE | |||
r-devel-linux-x86_64-fedora-gcc | 0.0.1 | 42.07 | NOTE | |||
r-devel-windows-x86_64 | 0.0.1 | 13.00 | 51.00 | 64.00 | NOTE | |
r-patched-linux-x86_64 | 0.0.1 | 2.34 | 23.63 | 25.97 | NOTE | |
r-release-linux-x86_64 | 0.0.1 | 2.15 | 23.94 | 26.09 | NOTE | |
r-release-macos-arm64 | 0.0.1 | 16.00 | NOTE | |||
r-release-macos-x86_64 | 0.0.1 | 23.00 | NOTE | |||
r-release-windows-x86_64 | 0.0.1 | 17.00 | 49.00 | 66.00 | NOTE | |
r-oldrel-macos-arm64 | 0.0.1 | 21.00 | NOTE | |||
r-oldrel-macos-x86_64 | 0.0.1 | 28.00 | NOTE | |||
r-oldrel-windows-ix86+x86_64 | 0.0.1 | 7.00 | 44.00 | 51.00 | NOTE |
Version: 0.0.1
Check: LazyData
Result: NOTE
'LazyData' is specified without a 'data' directory
Flavors: r-devel-linux-x86_64-debian-clang, r-devel-linux-x86_64-debian-gcc, r-devel-linux-x86_64-fedora-clang, r-devel-linux-x86_64-fedora-gcc, r-devel-windows-x86_64, r-patched-linux-x86_64, r-release-linux-x86_64, r-release-macos-arm64, r-release-macos-x86_64, r-release-windows-x86_64, r-oldrel-macos-arm64, r-oldrel-macos-x86_64, r-oldrel-windows-ix86+x86_64