Last updated on 2022-08-15 08:50:04 CEST.
Flavor | Version | Tinstall | Tcheck | Ttotal | Status | Flags |
---|---|---|---|---|---|---|
r-devel-linux-x86_64-debian-clang | 1.1.1 | 3.40 | 124.26 | 127.66 | OK | |
r-devel-linux-x86_64-debian-gcc | 1.1.1 | 2.75 | 89.46 | 92.21 | OK | |
r-devel-linux-x86_64-fedora-clang | 1.1.1 | 157.82 | NOTE | |||
r-devel-linux-x86_64-fedora-gcc | 1.1.1 | 159.86 | NOTE | |||
r-devel-windows-x86_64 | 1.1.1 | 15.00 | 138.00 | 153.00 | OK | |
r-patched-linux-x86_64 | 1.1.1 | 3.44 | 118.94 | 122.38 | OK | |
r-release-linux-x86_64 | 1.1.1 | 2.92 | 119.87 | 122.79 | OK | |
r-release-macos-arm64 | 1.1.1 | 37.00 | NOTE | |||
r-release-macos-x86_64 | 1.1.1 | 72.00 | NOTE | |||
r-release-windows-x86_64 | 1.1.1 | 19.00 | 138.00 | 157.00 | OK | |
r-oldrel-macos-arm64 | 1.1.1 | 44.00 | NOTE | |||
r-oldrel-macos-x86_64 | 1.1.1 | 62.00 | NOTE | |||
r-oldrel-windows-ix86+x86_64 | 1.1.1 | 8.00 | 134.00 | 142.00 | OK |
Version: 1.1.1
Check: dependencies in R code
Result: NOTE
Namespace in Imports field not imported from: ‘stats’
All declared Imports should be used.
Flavors: r-devel-linux-x86_64-fedora-clang, r-devel-linux-x86_64-fedora-gcc, r-release-macos-arm64, r-release-macos-x86_64, r-oldrel-macos-arm64, r-oldrel-macos-x86_64