Last updated on 2022-08-15 08:50:04 CEST.
Flavor | Version | Tinstall | Tcheck | Ttotal | Status | Flags |
---|---|---|---|---|---|---|
r-devel-linux-x86_64-debian-clang | 0.1.62 | 6.13 | 55.21 | 61.34 | OK | |
r-devel-linux-x86_64-debian-gcc | 0.1.62 | 4.75 | 40.88 | 45.63 | OK | |
r-devel-linux-x86_64-fedora-clang | 0.1.62 | 82.33 | NOTE | |||
r-devel-linux-x86_64-fedora-gcc | 0.1.62 | 80.14 | NOTE | |||
r-devel-windows-x86_64 | 0.1.62 | 15.00 | 79.00 | 94.00 | OK | |
r-patched-linux-x86_64 | 0.1.62 | 6.13 | 51.53 | 57.66 | OK | |
r-release-linux-x86_64 | 0.1.62 | 6.50 | 51.73 | 58.23 | OK | |
r-release-macos-arm64 | 0.1.62 | 28.00 | NOTE | |||
r-release-macos-x86_64 | 0.1.62 | 37.00 | NOTE | |||
r-release-windows-x86_64 | 0.1.62 | 14.00 | 78.00 | 92.00 | OK | |
r-oldrel-macos-arm64 | 0.1.62 | 26.00 | NOTE | |||
r-oldrel-macos-x86_64 | 0.1.62 | 37.00 | NOTE | |||
r-oldrel-windows-ix86+x86_64 | 0.1.62 | 15.00 | 73.00 | 88.00 | OK |
Version: 0.1.62
Check: dependencies in R code
Result: NOTE
Namespaces in Imports field not imported from:
‘curl’ ‘lubridate’
All declared Imports should be used.
Flavors: r-devel-linux-x86_64-fedora-clang, r-devel-linux-x86_64-fedora-gcc, r-release-macos-arm64, r-release-macos-x86_64, r-oldrel-macos-arm64, r-oldrel-macos-x86_64