Last updated on 2022-08-15 08:50:04 CEST.
Flavor | Version | Tinstall | Tcheck | Ttotal | Status | Flags |
---|---|---|---|---|---|---|
r-devel-linux-x86_64-debian-clang | 1.0.20 | 3.28 | 56.62 | 59.90 | NOTE | |
r-devel-linux-x86_64-debian-gcc | 1.0.20 | 2.95 | 42.37 | 45.32 | NOTE | |
r-devel-linux-x86_64-fedora-clang | 1.0.20 | 82.09 | NOTE | |||
r-devel-linux-x86_64-fedora-gcc | 1.0.20 | 79.78 | NOTE | |||
r-devel-windows-x86_64 | 1.0.20 | 6.00 | 92.00 | 98.00 | NOTE | |
r-patched-linux-x86_64 | 1.0.20 | 4.42 | 56.01 | 60.43 | OK | |
r-release-linux-x86_64 | 1.0.20 | 4.27 | 57.28 | 61.55 | OK | |
r-release-macos-arm64 | 1.0.20 | 37.00 | OK | |||
r-release-macos-x86_64 | 1.0.20 | 52.00 | OK | |||
r-release-windows-x86_64 | 1.0.20 | 8.00 | 93.00 | 101.00 | OK | |
r-oldrel-macos-arm64 | 1.0.20 | 64.00 | OK | |||
r-oldrel-macos-x86_64 | 1.0.20 | 59.00 | OK | |||
r-oldrel-windows-ix86+x86_64 | 1.0.20 | 8.00 | 79.00 | 87.00 | OK |
Version: 1.0.20
Check: Rd files
Result: NOTE
checkRd: (-1) prim.box.Rd:60: Escaped LaTeX specials: \&
Flavors: r-devel-linux-x86_64-debian-clang, r-devel-linux-x86_64-debian-gcc, r-devel-linux-x86_64-fedora-clang, r-devel-linux-x86_64-fedora-gcc, r-devel-windows-x86_64